{"id":6760,"date":"2025-08-30T07:09:54","date_gmt":"2025-08-30T05:09:54","guid":{"rendered":"https:\/\/kusmitea.re\/?post_type=product&#038;p=6760"},"modified":"2026-01-02T10:03:27","modified_gmt":"2026-01-02T09:03:27","slug":"infusion-bio-verveine-menthe-tisane-relaxante-sans-theine-kusmi-tea-reunion","status":"publish","type":"product","link":"https:\/\/kusmitea.re\/index.php\/product\/infusion-bio-verveine-menthe-tisane-relaxante-sans-theine-kusmi-tea-reunion\/","title":{"rendered":"Infusion Bio Verveine-Menthe \u2013 Tisane Relaxante Sans Th\u00e9ine | Kusmi Tea R\u00e9union"},"content":{"rendered":"<h2 class=\"c-section-divider\">M\u00e9lange de verveine et de menthe<\/h2>\n<div class=\"col-xs-12 value content c-read-more c-read-more--inline m-pdp__expandable-section\" data-initialized=\"true\" data-expanded=\"true\">\n<p>L\u2019infusion bio Verveine-Menthe apporte \u00e0 qui la savoure une imm\u00e9diate sensation de fra\u00eecheur menthol\u00e9e.<\/p>\n<p>&nbsp;<\/p>\n<div><\/div>\n<div>L\u2019infusion Verveine-Menthe est un grand classique, appr\u00e9ci\u00e9 depuis la nuit des temps pour son go\u00fbt caract\u00e9ristique alliant fra\u00eecheur et douceur.<\/div>\n<div><\/div>\n<div>Partez \u00e0 la d\u00e9couverte sensorielle de cette version bio sign\u00e9e Kusmi Tea : un m\u00e9lange \u00e0 l\u2019odeur purement v\u00e9g\u00e9tale, dont la liqueur jaune d\u2019or offre en bouche une texture soyeuse. Appr\u00e9ciez ses accents d\u2019abord d\u00e9licats qui se font ensuite plus vifs, et aromatiques. Tel est le r\u00e9sultat d\u2019un accord parfait entre la menthe, si rafra\u00eechissante, et la verveine, subtilement citronn\u00e9e.<\/div>\n<div><\/div>\n<div>Un plaisir frais et apaisant, \u00e0 s\u2019accorder \u00e0 tout moment de la journ\u00e9e, en compagnie de cette tisane Verveine-Menthe bio totalement d\u00e9pourvue de th\u00e9ine.<\/div>\n<div><\/div>\n<div>Infusion bio disponible en vrac parce que c\u2019est bon pour la plan\u00e8te.<\/div>\n<div><\/div>\n<h2 class=\"c-section-divider\">L&rsquo;info qu&rsquo;il vous faut<\/h2>\n<p>Plusieurs \u00e9tymologies possibles sont attribu\u00e9es au nom \u00ab verveine \u00bb. Parmi elles, \u00abverbenae \u00bb d\u00e9signerait une couronne v\u00e9g\u00e9tale, tandis que \u00ab haba veneris \u00bb signifierait \u00ab herbe de V\u00e9nus \u00bb. Chacune renvoie cependant \u00e0 l\u2019Antiquit\u00e9, o\u00f9 cette plante aurait \u00e9t\u00e9 consid\u00e9r\u00e9e comme sacr\u00e9e par les Gaulois et les Romains. On raconte qu\u2019elle prot\u00e9geait qui la cultivait dans son jardin ou la portait sur son front ou en collier, et qu\u2019elle \u00e9tait tr\u00e8s appr\u00e9ci\u00e9e pour ses nombreuses vertus m\u00e9dicinales. Une aura qui la suit encore aujourd\u2019hui.<\/p>\n<h3 class=\"c-section-divider\">Ingr\u00e9dients<\/h3>\n<div class=\"c-read-more c-read-more--inline m-pdp__expandable-section\"><span class=\"c-read-more__content\">Verveine* (40%), Menthe* (40%), Cynorhodon* *Produits issus de l&rsquo;agriculture biologique<\/span><\/div>\n<div>\n<div class=\"col-xs-6 col-md-4 text--center\"><span class=\"m-pdp__informative-title color--dark-grey\">Temps d&rsquo;infusion : <\/span><span class=\"m-pdp__informative-value color--dark-grey font--lato-bold\">5-7 min<\/span><\/div>\n<div class=\"col-xs-6 col-md-4 text--center\"><span class=\"m-pdp__informative-title color--dark-grey\">Temp\u00e9rature d&rsquo;infusion : <\/span><span class=\"m-pdp__informative-value color--dark-grey font--lato-bold\">100 \u00b0C<\/span><\/div>\n<\/div>\n<\/div>\n","protected":false},"excerpt":{"rendered":"<p>M\u00e9lange de verveine et de menthe L\u2019infusion bio Verveine-Menthe apporte \u00e0 qui la savoure une imm\u00e9diate sensation de fra\u00eecheur menthol\u00e9e. &nbsp; L\u2019infusion Verveine-Menthe est un grand classique, appr\u00e9ci\u00e9 depuis la nuit des temps pour son go\u00fbt caract\u00e9ristique alliant fra\u00eecheur et douceur. Partez \u00e0 la d\u00e9couverte sensorielle de cette version bio sign\u00e9e Kusmi Tea : un [&hellip;]<\/p>\n","protected":false},"featured_media":6790,"comment_status":"open","ping_status":"closed","template":"","meta":[],"product_cat":[296,323,327],"product_tag":[61,69,329,328],"class_list":{"0":"post-6760","1":"product","2":"type-product","3":"status-publish","4":"has-post-thumbnail","6":"product_cat-florales","7":"product_cat-herboristerie","8":"product_cat-offre-du-moment","9":"product_tag-eau-de-fruits-tisane","10":"product_tag-florale","11":"product_tag-herboriste","12":"product_tag-new","14":"first","15":"instock","16":"shipping-taxable","17":"purchasable","18":"product-type-simple"},"yoast_head":"<!-- This site is optimized with the Yoast SEO plugin v26.6 - https:\/\/yoast.com\/wordpress\/plugins\/seo\/ -->\n<title>Infusion Bio Verveine-Menthe \u2013 Tisane Relaxante Sans Th\u00e9ine | Kusmi Tea R\u00e9union - Kusmi Tea R\u00e9union<\/title>\n<meta name=\"description\" content=\"Savourez notre infusion bio alliant verveine apaisante et menthe rafra\u00eechissante. Une tisane relaxante et digestive, id\u00e9ale pour vos moments de d\u00e9tente \u00e0 La R\u00e9union.\" \/>\n<meta name=\"robots\" content=\"index, follow, max-snippet:-1, max-image-preview:large, max-video-preview:-1\" \/>\n<link rel=\"canonical\" href=\"https:\/\/kusmitea.re\/index.php\/product\/infusion-bio-verveine-menthe-tisane-relaxante-sans-theine-kusmi-tea-reunion\/\" \/>\n<meta property=\"og:locale\" content=\"fr_FR\" \/>\n<meta property=\"og:type\" content=\"article\" \/>\n<meta property=\"og:title\" content=\"Infusion Bio Verveine-Menthe \u2013 Tisane Relaxante Sans Th\u00e9ine | Kusmi Tea R\u00e9union - Kusmi Tea R\u00e9union\" \/>\n<meta property=\"og:description\" content=\"Savourez notre infusion bio alliant verveine apaisante et menthe rafra\u00eechissante. Une tisane relaxante et digestive, id\u00e9ale pour vos moments de d\u00e9tente \u00e0 La R\u00e9union.\" \/>\n<meta property=\"og:url\" content=\"https:\/\/kusmitea.re\/index.php\/product\/infusion-bio-verveine-menthe-tisane-relaxante-sans-theine-kusmi-tea-reunion\/\" \/>\n<meta property=\"og:site_name\" content=\"Kusmi Tea R\u00e9union\" \/>\n<meta property=\"article:publisher\" content=\"https:\/\/www.facebook.com\/p\/Kusmi-Tea-Runion-61571670075100\/\" \/>\n<meta property=\"article:modified_time\" content=\"2026-01-02T09:03:27+00:00\" \/>\n<meta property=\"og:image\" content=\"https:\/\/kusmitea.re\/wp-content\/uploads\/2025\/08\/INVM20SBIO-Verveine-Menthe-1.jpg\" \/>\n\t<meta property=\"og:image:width\" content=\"800\" \/>\n\t<meta property=\"og:image:height\" content=\"800\" \/>\n\t<meta property=\"og:image:type\" content=\"image\/jpeg\" \/>\n<meta name=\"twitter:card\" content=\"summary_large_image\" \/>\n<meta name=\"twitter:label1\" content=\"Dur\u00e9e de lecture estim\u00e9e\" \/>\n\t<meta name=\"twitter:data1\" content=\"2 minutes\" \/>\n<script type=\"application\/ld+json\" class=\"yoast-schema-graph\">{\"@context\":\"https:\/\/schema.org\",\"@graph\":[{\"@type\":\"WebPage\",\"@id\":\"https:\/\/kusmitea.re\/index.php\/product\/infusion-bio-verveine-menthe-tisane-relaxante-sans-theine-kusmi-tea-reunion\/\",\"url\":\"https:\/\/kusmitea.re\/index.php\/product\/infusion-bio-verveine-menthe-tisane-relaxante-sans-theine-kusmi-tea-reunion\/\",\"name\":\"Infusion Bio Verveine-Menthe \u2013 Tisane Relaxante Sans Th\u00e9ine | Kusmi Tea R\u00e9union - Kusmi Tea R\u00e9union\",\"isPartOf\":{\"@id\":\"https:\/\/kusmitea.re\/#website\"},\"primaryImageOfPage\":{\"@id\":\"https:\/\/kusmitea.re\/index.php\/product\/infusion-bio-verveine-menthe-tisane-relaxante-sans-theine-kusmi-tea-reunion\/#primaryimage\"},\"image\":{\"@id\":\"https:\/\/kusmitea.re\/index.php\/product\/infusion-bio-verveine-menthe-tisane-relaxante-sans-theine-kusmi-tea-reunion\/#primaryimage\"},\"thumbnailUrl\":\"https:\/\/kusmitea.re\/wp-content\/uploads\/2025\/08\/INVM20SBIO-Verveine-Menthe-1.jpg\",\"datePublished\":\"2025-08-30T05:09:54+00:00\",\"dateModified\":\"2026-01-02T09:03:27+00:00\",\"description\":\"Savourez notre infusion bio alliant verveine apaisante et menthe rafra\u00eechissante. Une tisane relaxante et digestive, id\u00e9ale pour vos moments de d\u00e9tente \u00e0 La R\u00e9union.\",\"breadcrumb\":{\"@id\":\"https:\/\/kusmitea.re\/index.php\/product\/infusion-bio-verveine-menthe-tisane-relaxante-sans-theine-kusmi-tea-reunion\/#breadcrumb\"},\"inLanguage\":\"fr-FR\",\"potentialAction\":[{\"@type\":\"ReadAction\",\"target\":[\"https:\/\/kusmitea.re\/index.php\/product\/infusion-bio-verveine-menthe-tisane-relaxante-sans-theine-kusmi-tea-reunion\/\"]}]},{\"@type\":\"ImageObject\",\"inLanguage\":\"fr-FR\",\"@id\":\"https:\/\/kusmitea.re\/index.php\/product\/infusion-bio-verveine-menthe-tisane-relaxante-sans-theine-kusmi-tea-reunion\/#primaryimage\",\"url\":\"https:\/\/kusmitea.re\/wp-content\/uploads\/2025\/08\/INVM20SBIO-Verveine-Menthe-1.jpg\",\"contentUrl\":\"https:\/\/kusmitea.re\/wp-content\/uploads\/2025\/08\/INVM20SBIO-Verveine-Menthe-1.jpg\",\"width\":800,\"height\":800},{\"@type\":\"BreadcrumbList\",\"@id\":\"https:\/\/kusmitea.re\/index.php\/product\/infusion-bio-verveine-menthe-tisane-relaxante-sans-theine-kusmi-tea-reunion\/#breadcrumb\",\"itemListElement\":[{\"@type\":\"ListItem\",\"position\":1,\"name\":\"Accueil\",\"item\":\"https:\/\/kusmitea.re\/\"},{\"@type\":\"ListItem\",\"position\":2,\"name\":\"Boutique\",\"item\":\"https:\/\/kusmitea.re\/index.php\/shop\/\"},{\"@type\":\"ListItem\",\"position\":3,\"name\":\"Infusion Bio Verveine-Menthe \u2013 Tisane Relaxante Sans Th\u00e9ine | Kusmi Tea R\u00e9union\"}]},{\"@type\":\"WebSite\",\"@id\":\"https:\/\/kusmitea.re\/#website\",\"url\":\"https:\/\/kusmitea.re\/\",\"name\":\"Kusmi Tea R\u00e9union\",\"description\":\"\",\"publisher\":{\"@id\":\"https:\/\/kusmitea.re\/#organization\"},\"potentialAction\":[{\"@type\":\"SearchAction\",\"target\":{\"@type\":\"EntryPoint\",\"urlTemplate\":\"https:\/\/kusmitea.re\/?s={search_term_string}\"},\"query-input\":{\"@type\":\"PropertyValueSpecification\",\"valueRequired\":true,\"valueName\":\"search_term_string\"}}],\"inLanguage\":\"fr-FR\"},{\"@type\":\"Organization\",\"@id\":\"https:\/\/kusmitea.re\/#organization\",\"name\":\"Kusmi Tea R\u00e9union\",\"url\":\"https:\/\/kusmitea.re\/\",\"logo\":{\"@type\":\"ImageObject\",\"inLanguage\":\"fr-FR\",\"@id\":\"https:\/\/kusmitea.re\/#\/schema\/logo\/image\/\",\"url\":\"https:\/\/kusmitea.re\/wp-content\/uploads\/2023\/05\/cropped-logo.webp\",\"contentUrl\":\"https:\/\/kusmitea.re\/wp-content\/uploads\/2023\/05\/cropped-logo.webp\",\"width\":469,\"height\":141,\"caption\":\"Kusmi Tea R\u00e9union\"},\"image\":{\"@id\":\"https:\/\/kusmitea.re\/#\/schema\/logo\/image\/\"},\"sameAs\":[\"https:\/\/www.facebook.com\/p\/Kusmi-Tea-Runion-61571670075100\/\",\"https:\/\/www.instagram.com\/kusmiteare\/\"]}]}<\/script>\n<!-- \/ Yoast SEO plugin. -->","yoast_head_json":{"title":"Infusion Bio Verveine-Menthe \u2013 Tisane Relaxante Sans Th\u00e9ine | Kusmi Tea R\u00e9union - Kusmi Tea R\u00e9union","description":"Savourez notre infusion bio alliant verveine apaisante et menthe rafra\u00eechissante. Une tisane relaxante et digestive, id\u00e9ale pour vos moments de d\u00e9tente \u00e0 La R\u00e9union.","robots":{"index":"index","follow":"follow","max-snippet":"max-snippet:-1","max-image-preview":"max-image-preview:large","max-video-preview":"max-video-preview:-1"},"canonical":"https:\/\/kusmitea.re\/index.php\/product\/infusion-bio-verveine-menthe-tisane-relaxante-sans-theine-kusmi-tea-reunion\/","og_locale":"fr_FR","og_type":"article","og_title":"Infusion Bio Verveine-Menthe \u2013 Tisane Relaxante Sans Th\u00e9ine | Kusmi Tea R\u00e9union - Kusmi Tea R\u00e9union","og_description":"Savourez notre infusion bio alliant verveine apaisante et menthe rafra\u00eechissante. Une tisane relaxante et digestive, id\u00e9ale pour vos moments de d\u00e9tente \u00e0 La R\u00e9union.","og_url":"https:\/\/kusmitea.re\/index.php\/product\/infusion-bio-verveine-menthe-tisane-relaxante-sans-theine-kusmi-tea-reunion\/","og_site_name":"Kusmi Tea R\u00e9union","article_publisher":"https:\/\/www.facebook.com\/p\/Kusmi-Tea-Runion-61571670075100\/","article_modified_time":"2026-01-02T09:03:27+00:00","og_image":[{"width":800,"height":800,"url":"https:\/\/kusmitea.re\/wp-content\/uploads\/2025\/08\/INVM20SBIO-Verveine-Menthe-1.jpg","type":"image\/jpeg"}],"twitter_card":"summary_large_image","twitter_misc":{"Dur\u00e9e de lecture estim\u00e9e":"2 minutes"},"schema":{"@context":"https:\/\/schema.org","@graph":[{"@type":"WebPage","@id":"https:\/\/kusmitea.re\/index.php\/product\/infusion-bio-verveine-menthe-tisane-relaxante-sans-theine-kusmi-tea-reunion\/","url":"https:\/\/kusmitea.re\/index.php\/product\/infusion-bio-verveine-menthe-tisane-relaxante-sans-theine-kusmi-tea-reunion\/","name":"Infusion Bio Verveine-Menthe \u2013 Tisane Relaxante Sans Th\u00e9ine | Kusmi Tea R\u00e9union - Kusmi Tea R\u00e9union","isPartOf":{"@id":"https:\/\/kusmitea.re\/#website"},"primaryImageOfPage":{"@id":"https:\/\/kusmitea.re\/index.php\/product\/infusion-bio-verveine-menthe-tisane-relaxante-sans-theine-kusmi-tea-reunion\/#primaryimage"},"image":{"@id":"https:\/\/kusmitea.re\/index.php\/product\/infusion-bio-verveine-menthe-tisane-relaxante-sans-theine-kusmi-tea-reunion\/#primaryimage"},"thumbnailUrl":"https:\/\/kusmitea.re\/wp-content\/uploads\/2025\/08\/INVM20SBIO-Verveine-Menthe-1.jpg","datePublished":"2025-08-30T05:09:54+00:00","dateModified":"2026-01-02T09:03:27+00:00","description":"Savourez notre infusion bio alliant verveine apaisante et menthe rafra\u00eechissante. Une tisane relaxante et digestive, id\u00e9ale pour vos moments de d\u00e9tente \u00e0 La R\u00e9union.","breadcrumb":{"@id":"https:\/\/kusmitea.re\/index.php\/product\/infusion-bio-verveine-menthe-tisane-relaxante-sans-theine-kusmi-tea-reunion\/#breadcrumb"},"inLanguage":"fr-FR","potentialAction":[{"@type":"ReadAction","target":["https:\/\/kusmitea.re\/index.php\/product\/infusion-bio-verveine-menthe-tisane-relaxante-sans-theine-kusmi-tea-reunion\/"]}]},{"@type":"ImageObject","inLanguage":"fr-FR","@id":"https:\/\/kusmitea.re\/index.php\/product\/infusion-bio-verveine-menthe-tisane-relaxante-sans-theine-kusmi-tea-reunion\/#primaryimage","url":"https:\/\/kusmitea.re\/wp-content\/uploads\/2025\/08\/INVM20SBIO-Verveine-Menthe-1.jpg","contentUrl":"https:\/\/kusmitea.re\/wp-content\/uploads\/2025\/08\/INVM20SBIO-Verveine-Menthe-1.jpg","width":800,"height":800},{"@type":"BreadcrumbList","@id":"https:\/\/kusmitea.re\/index.php\/product\/infusion-bio-verveine-menthe-tisane-relaxante-sans-theine-kusmi-tea-reunion\/#breadcrumb","itemListElement":[{"@type":"ListItem","position":1,"name":"Accueil","item":"https:\/\/kusmitea.re\/"},{"@type":"ListItem","position":2,"name":"Boutique","item":"https:\/\/kusmitea.re\/index.php\/shop\/"},{"@type":"ListItem","position":3,"name":"Infusion Bio Verveine-Menthe \u2013 Tisane Relaxante Sans Th\u00e9ine | Kusmi Tea R\u00e9union"}]},{"@type":"WebSite","@id":"https:\/\/kusmitea.re\/#website","url":"https:\/\/kusmitea.re\/","name":"Kusmi Tea R\u00e9union","description":"","publisher":{"@id":"https:\/\/kusmitea.re\/#organization"},"potentialAction":[{"@type":"SearchAction","target":{"@type":"EntryPoint","urlTemplate":"https:\/\/kusmitea.re\/?s={search_term_string}"},"query-input":{"@type":"PropertyValueSpecification","valueRequired":true,"valueName":"search_term_string"}}],"inLanguage":"fr-FR"},{"@type":"Organization","@id":"https:\/\/kusmitea.re\/#organization","name":"Kusmi Tea R\u00e9union","url":"https:\/\/kusmitea.re\/","logo":{"@type":"ImageObject","inLanguage":"fr-FR","@id":"https:\/\/kusmitea.re\/#\/schema\/logo\/image\/","url":"https:\/\/kusmitea.re\/wp-content\/uploads\/2023\/05\/cropped-logo.webp","contentUrl":"https:\/\/kusmitea.re\/wp-content\/uploads\/2023\/05\/cropped-logo.webp","width":469,"height":141,"caption":"Kusmi Tea R\u00e9union"},"image":{"@id":"https:\/\/kusmitea.re\/#\/schema\/logo\/image\/"},"sameAs":["https:\/\/www.facebook.com\/p\/Kusmi-Tea-Runion-61571670075100\/","https:\/\/www.instagram.com\/kusmiteare\/"]}]}},"jetpack_sharing_enabled":true,"_links":{"self":[{"href":"https:\/\/kusmitea.re\/index.php\/wp-json\/wp\/v2\/product\/6760","targetHints":{"allow":["GET"]}}],"collection":[{"href":"https:\/\/kusmitea.re\/index.php\/wp-json\/wp\/v2\/product"}],"about":[{"href":"https:\/\/kusmitea.re\/index.php\/wp-json\/wp\/v2\/types\/product"}],"replies":[{"embeddable":true,"href":"https:\/\/kusmitea.re\/index.php\/wp-json\/wp\/v2\/comments?post=6760"}],"version-history":[{"count":4,"href":"https:\/\/kusmitea.re\/index.php\/wp-json\/wp\/v2\/product\/6760\/revisions"}],"predecessor-version":[{"id":12950,"href":"https:\/\/kusmitea.re\/index.php\/wp-json\/wp\/v2\/product\/6760\/revisions\/12950"}],"wp:featuredmedia":[{"embeddable":true,"href":"https:\/\/kusmitea.re\/index.php\/wp-json\/wp\/v2\/media\/6790"}],"wp:attachment":[{"href":"https:\/\/kusmitea.re\/index.php\/wp-json\/wp\/v2\/media?parent=6760"}],"wp:term":[{"taxonomy":"product_cat","embeddable":true,"href":"https:\/\/kusmitea.re\/index.php\/wp-json\/wp\/v2\/product_cat?post=6760"},{"taxonomy":"product_tag","embeddable":true,"href":"https:\/\/kusmitea.re\/index.php\/wp-json\/wp\/v2\/product_tag?post=6760"}],"curies":[{"name":"wp","href":"https:\/\/api.w.org\/{rel}","templated":true}]}}