{"id":6759,"date":"2025-08-30T07:09:54","date_gmt":"2025-08-30T05:09:54","guid":{"rendered":"https:\/\/kusmitea.re\/?post_type=product&#038;p=6759"},"modified":"2026-02-26T16:55:49","modified_gmt":"2026-02-26T15:55:49","slug":"infusion-bio-reglisse-menthe-tisane-rafraichissante-sans-theine-kusmi-tea-reunion","status":"publish","type":"product","link":"https:\/\/kusmitea.re\/index.php\/product\/infusion-bio-reglisse-menthe-tisane-rafraichissante-sans-theine-kusmi-tea-reunion\/","title":{"rendered":"Infusion Bio R\u00e9glisse-Menthe \u2013 Tisane Rafra\u00eechissante Sans Th\u00e9ine | Kusmi Tea R\u00e9union"},"content":{"rendered":"<h2 style=\"font-weight: 300;\">M\u00e9lange de menthe et de r\u00e9glisse<\/h2>\n<p>L\u2019infusion bio R\u00e9glisse-Menthe, \u00e0 la fois fra\u00eeche et douce, sera votre alli\u00e9e bien-\u00eatre id\u00e9ale tout au long de la journ\u00e9e.<\/p>\n<p>Fra\u00eecheur et gourmandise se sont donn\u00e9es rendez-vous dans cette infusion naturellement sans th\u00e9ine, aussi incontournable que savoureuse. R\u00e9glisse et menthe, menthe et r\u00e9glisse\u2026 Un duo l\u00e9gendaire aux accords parfaits, qui vous chantera en ch\u0153ur et \u00e0 toute heure une m\u00e9lodie menthol\u00e9e tout en douceur. La menthe apporte \u00e0 cette tisane aromatique et v\u00e9g\u00e9tale des notes intens\u00e9ment rafra\u00eechissantes, tandis que la r\u00e9glisse lui conf\u00e8re des accents bois\u00e9s et une d\u00e9licieuse saveur sucr\u00e9e.<\/p>\n<p>L\u2019infusion R\u00e9glisse-Menthe de Kusmi Tea est 100 % bio et exclusivement compos\u00e9e de plantes. Elle vous accompagnera \u00e0 volont\u00e9, du matin jusqu\u2019en soir\u00e9e, et m\u00eame le dimanche devant la chemin\u00e9e.<\/p>\n<p>Infusion bio disponible en vrac parce que c\u2019est bon pour la plan\u00e8te.<\/p>\n<h2 style=\"font-weight: 300;\">L&rsquo;info qu&rsquo;il vous faut<\/h2>\n<p>La menthe est une plante herbac\u00e9e vivace de la famille des lamiac\u00e9es. Il en existe plusieurs dizaines d\u2019esp\u00e8ces, dont quatre sont cultiv\u00e9es pour \u00eatre commercialis\u00e9es\u00a0: la menthe verte ou menthe douce ou menthe spicata (en \u00e9pis), la menthe poivr\u00e9e, la menthe citronn\u00e9e et la menthe des champs. On utilise leurs feuilles, mais aussi l\u2019huile essentielle dont elles sont porteuses. L\u2019infusion R\u00e9glisse-Menthe bio de Kusmi associe menthe douce et menthe poivr\u00e9e.<\/p>\n<h3 class=\"c-section-divider\">Ingr\u00e9dients<\/h3>\n<div class=\"c-read-more c-read-more--inline m-pdp__expandable-section\"><span class=\"c-read-more__content\">Menthe poivr\u00e9e* et menthe douce* (80%), r\u00e9glisse* (20%) Contient de la r\u00e9glisse &#8211; les personnes souffrant d&rsquo;hypertension doivent \u00e9viter toute consommation excessive. *Produits issus de l\u2019agriculture biologique<\/span><\/div>\n<div><\/div>\n<div>\n<div class=\"col-xs-6 col-md-4 text--center\"><span class=\"m-pdp__informative-title color--dark-grey\">Temps d&rsquo;infusion : <\/span><span class=\"m-pdp__informative-value color--dark-grey font--lato-bold\">5-7 min<\/span><\/div>\n<div class=\"col-xs-6 col-md-4 text--center\"><span class=\"m-pdp__informative-title color--dark-grey\">Temp\u00e9rature d&rsquo;infusion : <\/span><span class=\"m-pdp__informative-value color--dark-grey font--lato-bold\">100 \u00b0C<\/span><\/div>\n<\/div>\n","protected":false},"excerpt":{"rendered":"<p>Fra\u00eecheur et gourmandise se sontdonn\u00e9es rendez-vous dans cette infusion naturellement sans th\u00e9ine, aussi incontournableque savoureuse.<\/p>\n","protected":false},"featured_media":6789,"comment_status":"open","ping_status":"closed","template":"","meta":[],"product_cat":[296,297,323,327],"product_tag":[61,69,329,328],"class_list":{"0":"post-6759","1":"product","2":"type-product","3":"status-publish","4":"has-post-thumbnail","6":"product_cat-florales","7":"product_cat-fruitees","8":"product_cat-herboristerie","9":"product_cat-offre-du-moment","10":"product_tag-eau-de-fruits-tisane","11":"product_tag-florale","12":"product_tag-herboriste","13":"product_tag-new","15":"first","16":"outofstock","17":"shipping-taxable","18":"purchasable","19":"product-type-simple"},"yoast_head":"<!-- This site is optimized with the Yoast SEO plugin v26.6 - https:\/\/yoast.com\/wordpress\/plugins\/seo\/ -->\n<title>Infusion Bio R\u00e9glisse-Menthe \u2013 Tisane Rafra\u00eechissante Sans Th\u00e9ine | Kusmi Tea R\u00e9union - Kusmi Tea R\u00e9union<\/title>\n<meta name=\"description\" content=\"Savourez notre infusion bio alliant la fra\u00eecheur de la menthe \u00e0 la douceur de la r\u00e9glisse. Une tisane rafra\u00eechissante et gourmande, id\u00e9ale pour vos moments de d\u00e9tente \u00e0 La R\u00e9union.\" \/>\n<meta name=\"robots\" content=\"index, follow, max-snippet:-1, max-image-preview:large, max-video-preview:-1\" \/>\n<link rel=\"canonical\" href=\"https:\/\/kusmitea.re\/index.php\/product\/infusion-bio-reglisse-menthe-tisane-rafraichissante-sans-theine-kusmi-tea-reunion\/\" \/>\n<meta property=\"og:locale\" content=\"fr_FR\" \/>\n<meta property=\"og:type\" content=\"article\" \/>\n<meta property=\"og:title\" content=\"Infusion Bio R\u00e9glisse-Menthe \u2013 Tisane Rafra\u00eechissante Sans Th\u00e9ine | Kusmi Tea R\u00e9union - Kusmi Tea R\u00e9union\" \/>\n<meta property=\"og:description\" content=\"Savourez notre infusion bio alliant la fra\u00eecheur de la menthe \u00e0 la douceur de la r\u00e9glisse. Une tisane rafra\u00eechissante et gourmande, id\u00e9ale pour vos moments de d\u00e9tente \u00e0 La R\u00e9union.\" \/>\n<meta property=\"og:url\" content=\"https:\/\/kusmitea.re\/index.php\/product\/infusion-bio-reglisse-menthe-tisane-rafraichissante-sans-theine-kusmi-tea-reunion\/\" \/>\n<meta property=\"og:site_name\" content=\"Kusmi Tea R\u00e9union\" \/>\n<meta property=\"article:publisher\" content=\"https:\/\/www.facebook.com\/p\/Kusmi-Tea-Runion-61571670075100\/\" \/>\n<meta property=\"article:modified_time\" content=\"2026-02-26T15:55:49+00:00\" \/>\n<meta property=\"og:image\" content=\"https:\/\/kusmitea.re\/wp-content\/uploads\/2025\/08\/INRM20SBIO.jpg\" \/>\n\t<meta property=\"og:image:width\" content=\"800\" \/>\n\t<meta property=\"og:image:height\" content=\"800\" \/>\n\t<meta property=\"og:image:type\" content=\"image\/jpeg\" \/>\n<meta name=\"twitter:card\" content=\"summary_large_image\" \/>\n<meta name=\"twitter:label1\" content=\"Dur\u00e9e de lecture estim\u00e9e\" \/>\n\t<meta name=\"twitter:data1\" content=\"2 minutes\" \/>\n<script type=\"application\/ld+json\" class=\"yoast-schema-graph\">{\"@context\":\"https:\/\/schema.org\",\"@graph\":[{\"@type\":\"WebPage\",\"@id\":\"https:\/\/kusmitea.re\/index.php\/product\/infusion-bio-reglisse-menthe-tisane-rafraichissante-sans-theine-kusmi-tea-reunion\/\",\"url\":\"https:\/\/kusmitea.re\/index.php\/product\/infusion-bio-reglisse-menthe-tisane-rafraichissante-sans-theine-kusmi-tea-reunion\/\",\"name\":\"Infusion Bio R\u00e9glisse-Menthe \u2013 Tisane Rafra\u00eechissante Sans Th\u00e9ine | Kusmi Tea R\u00e9union - Kusmi Tea R\u00e9union\",\"isPartOf\":{\"@id\":\"https:\/\/kusmitea.re\/#website\"},\"primaryImageOfPage\":{\"@id\":\"https:\/\/kusmitea.re\/index.php\/product\/infusion-bio-reglisse-menthe-tisane-rafraichissante-sans-theine-kusmi-tea-reunion\/#primaryimage\"},\"image\":{\"@id\":\"https:\/\/kusmitea.re\/index.php\/product\/infusion-bio-reglisse-menthe-tisane-rafraichissante-sans-theine-kusmi-tea-reunion\/#primaryimage\"},\"thumbnailUrl\":\"https:\/\/kusmitea.re\/wp-content\/uploads\/2025\/08\/INRM20SBIO.jpg\",\"datePublished\":\"2025-08-30T05:09:54+00:00\",\"dateModified\":\"2026-02-26T15:55:49+00:00\",\"description\":\"Savourez notre infusion bio alliant la fra\u00eecheur de la menthe \u00e0 la douceur de la r\u00e9glisse. Une tisane rafra\u00eechissante et gourmande, id\u00e9ale pour vos moments de d\u00e9tente \u00e0 La R\u00e9union.\",\"breadcrumb\":{\"@id\":\"https:\/\/kusmitea.re\/index.php\/product\/infusion-bio-reglisse-menthe-tisane-rafraichissante-sans-theine-kusmi-tea-reunion\/#breadcrumb\"},\"inLanguage\":\"fr-FR\",\"potentialAction\":[{\"@type\":\"ReadAction\",\"target\":[\"https:\/\/kusmitea.re\/index.php\/product\/infusion-bio-reglisse-menthe-tisane-rafraichissante-sans-theine-kusmi-tea-reunion\/\"]}]},{\"@type\":\"ImageObject\",\"inLanguage\":\"fr-FR\",\"@id\":\"https:\/\/kusmitea.re\/index.php\/product\/infusion-bio-reglisse-menthe-tisane-rafraichissante-sans-theine-kusmi-tea-reunion\/#primaryimage\",\"url\":\"https:\/\/kusmitea.re\/wp-content\/uploads\/2025\/08\/INRM20SBIO.jpg\",\"contentUrl\":\"https:\/\/kusmitea.re\/wp-content\/uploads\/2025\/08\/INRM20SBIO.jpg\",\"width\":800,\"height\":800},{\"@type\":\"BreadcrumbList\",\"@id\":\"https:\/\/kusmitea.re\/index.php\/product\/infusion-bio-reglisse-menthe-tisane-rafraichissante-sans-theine-kusmi-tea-reunion\/#breadcrumb\",\"itemListElement\":[{\"@type\":\"ListItem\",\"position\":1,\"name\":\"Accueil\",\"item\":\"https:\/\/kusmitea.re\/\"},{\"@type\":\"ListItem\",\"position\":2,\"name\":\"Boutique\",\"item\":\"https:\/\/kusmitea.re\/index.php\/shop\/\"},{\"@type\":\"ListItem\",\"position\":3,\"name\":\"Infusion Bio R\u00e9glisse-Menthe \u2013 Tisane Rafra\u00eechissante Sans Th\u00e9ine | Kusmi Tea R\u00e9union\"}]},{\"@type\":\"WebSite\",\"@id\":\"https:\/\/kusmitea.re\/#website\",\"url\":\"https:\/\/kusmitea.re\/\",\"name\":\"Kusmi Tea R\u00e9union\",\"description\":\"\",\"publisher\":{\"@id\":\"https:\/\/kusmitea.re\/#organization\"},\"potentialAction\":[{\"@type\":\"SearchAction\",\"target\":{\"@type\":\"EntryPoint\",\"urlTemplate\":\"https:\/\/kusmitea.re\/?s={search_term_string}\"},\"query-input\":{\"@type\":\"PropertyValueSpecification\",\"valueRequired\":true,\"valueName\":\"search_term_string\"}}],\"inLanguage\":\"fr-FR\"},{\"@type\":\"Organization\",\"@id\":\"https:\/\/kusmitea.re\/#organization\",\"name\":\"Kusmi Tea R\u00e9union\",\"url\":\"https:\/\/kusmitea.re\/\",\"logo\":{\"@type\":\"ImageObject\",\"inLanguage\":\"fr-FR\",\"@id\":\"https:\/\/kusmitea.re\/#\/schema\/logo\/image\/\",\"url\":\"https:\/\/kusmitea.re\/wp-content\/uploads\/2023\/05\/cropped-logo.webp\",\"contentUrl\":\"https:\/\/kusmitea.re\/wp-content\/uploads\/2023\/05\/cropped-logo.webp\",\"width\":469,\"height\":141,\"caption\":\"Kusmi Tea R\u00e9union\"},\"image\":{\"@id\":\"https:\/\/kusmitea.re\/#\/schema\/logo\/image\/\"},\"sameAs\":[\"https:\/\/www.facebook.com\/p\/Kusmi-Tea-Runion-61571670075100\/\",\"https:\/\/www.instagram.com\/kusmiteare\/\"]}]}<\/script>\n<!-- \/ Yoast SEO plugin. -->","yoast_head_json":{"title":"Infusion Bio R\u00e9glisse-Menthe \u2013 Tisane Rafra\u00eechissante Sans Th\u00e9ine | Kusmi Tea R\u00e9union - Kusmi Tea R\u00e9union","description":"Savourez notre infusion bio alliant la fra\u00eecheur de la menthe \u00e0 la douceur de la r\u00e9glisse. Une tisane rafra\u00eechissante et gourmande, id\u00e9ale pour vos moments de d\u00e9tente \u00e0 La R\u00e9union.","robots":{"index":"index","follow":"follow","max-snippet":"max-snippet:-1","max-image-preview":"max-image-preview:large","max-video-preview":"max-video-preview:-1"},"canonical":"https:\/\/kusmitea.re\/index.php\/product\/infusion-bio-reglisse-menthe-tisane-rafraichissante-sans-theine-kusmi-tea-reunion\/","og_locale":"fr_FR","og_type":"article","og_title":"Infusion Bio R\u00e9glisse-Menthe \u2013 Tisane Rafra\u00eechissante Sans Th\u00e9ine | Kusmi Tea R\u00e9union - Kusmi Tea R\u00e9union","og_description":"Savourez notre infusion bio alliant la fra\u00eecheur de la menthe \u00e0 la douceur de la r\u00e9glisse. Une tisane rafra\u00eechissante et gourmande, id\u00e9ale pour vos moments de d\u00e9tente \u00e0 La R\u00e9union.","og_url":"https:\/\/kusmitea.re\/index.php\/product\/infusion-bio-reglisse-menthe-tisane-rafraichissante-sans-theine-kusmi-tea-reunion\/","og_site_name":"Kusmi Tea R\u00e9union","article_publisher":"https:\/\/www.facebook.com\/p\/Kusmi-Tea-Runion-61571670075100\/","article_modified_time":"2026-02-26T15:55:49+00:00","og_image":[{"width":800,"height":800,"url":"https:\/\/kusmitea.re\/wp-content\/uploads\/2025\/08\/INRM20SBIO.jpg","type":"image\/jpeg"}],"twitter_card":"summary_large_image","twitter_misc":{"Dur\u00e9e de lecture estim\u00e9e":"2 minutes"},"schema":{"@context":"https:\/\/schema.org","@graph":[{"@type":"WebPage","@id":"https:\/\/kusmitea.re\/index.php\/product\/infusion-bio-reglisse-menthe-tisane-rafraichissante-sans-theine-kusmi-tea-reunion\/","url":"https:\/\/kusmitea.re\/index.php\/product\/infusion-bio-reglisse-menthe-tisane-rafraichissante-sans-theine-kusmi-tea-reunion\/","name":"Infusion Bio R\u00e9glisse-Menthe \u2013 Tisane Rafra\u00eechissante Sans Th\u00e9ine | Kusmi Tea R\u00e9union - Kusmi Tea R\u00e9union","isPartOf":{"@id":"https:\/\/kusmitea.re\/#website"},"primaryImageOfPage":{"@id":"https:\/\/kusmitea.re\/index.php\/product\/infusion-bio-reglisse-menthe-tisane-rafraichissante-sans-theine-kusmi-tea-reunion\/#primaryimage"},"image":{"@id":"https:\/\/kusmitea.re\/index.php\/product\/infusion-bio-reglisse-menthe-tisane-rafraichissante-sans-theine-kusmi-tea-reunion\/#primaryimage"},"thumbnailUrl":"https:\/\/kusmitea.re\/wp-content\/uploads\/2025\/08\/INRM20SBIO.jpg","datePublished":"2025-08-30T05:09:54+00:00","dateModified":"2026-02-26T15:55:49+00:00","description":"Savourez notre infusion bio alliant la fra\u00eecheur de la menthe \u00e0 la douceur de la r\u00e9glisse. Une tisane rafra\u00eechissante et gourmande, id\u00e9ale pour vos moments de d\u00e9tente \u00e0 La R\u00e9union.","breadcrumb":{"@id":"https:\/\/kusmitea.re\/index.php\/product\/infusion-bio-reglisse-menthe-tisane-rafraichissante-sans-theine-kusmi-tea-reunion\/#breadcrumb"},"inLanguage":"fr-FR","potentialAction":[{"@type":"ReadAction","target":["https:\/\/kusmitea.re\/index.php\/product\/infusion-bio-reglisse-menthe-tisane-rafraichissante-sans-theine-kusmi-tea-reunion\/"]}]},{"@type":"ImageObject","inLanguage":"fr-FR","@id":"https:\/\/kusmitea.re\/index.php\/product\/infusion-bio-reglisse-menthe-tisane-rafraichissante-sans-theine-kusmi-tea-reunion\/#primaryimage","url":"https:\/\/kusmitea.re\/wp-content\/uploads\/2025\/08\/INRM20SBIO.jpg","contentUrl":"https:\/\/kusmitea.re\/wp-content\/uploads\/2025\/08\/INRM20SBIO.jpg","width":800,"height":800},{"@type":"BreadcrumbList","@id":"https:\/\/kusmitea.re\/index.php\/product\/infusion-bio-reglisse-menthe-tisane-rafraichissante-sans-theine-kusmi-tea-reunion\/#breadcrumb","itemListElement":[{"@type":"ListItem","position":1,"name":"Accueil","item":"https:\/\/kusmitea.re\/"},{"@type":"ListItem","position":2,"name":"Boutique","item":"https:\/\/kusmitea.re\/index.php\/shop\/"},{"@type":"ListItem","position":3,"name":"Infusion Bio R\u00e9glisse-Menthe \u2013 Tisane Rafra\u00eechissante Sans Th\u00e9ine | Kusmi Tea R\u00e9union"}]},{"@type":"WebSite","@id":"https:\/\/kusmitea.re\/#website","url":"https:\/\/kusmitea.re\/","name":"Kusmi Tea R\u00e9union","description":"","publisher":{"@id":"https:\/\/kusmitea.re\/#organization"},"potentialAction":[{"@type":"SearchAction","target":{"@type":"EntryPoint","urlTemplate":"https:\/\/kusmitea.re\/?s={search_term_string}"},"query-input":{"@type":"PropertyValueSpecification","valueRequired":true,"valueName":"search_term_string"}}],"inLanguage":"fr-FR"},{"@type":"Organization","@id":"https:\/\/kusmitea.re\/#organization","name":"Kusmi Tea R\u00e9union","url":"https:\/\/kusmitea.re\/","logo":{"@type":"ImageObject","inLanguage":"fr-FR","@id":"https:\/\/kusmitea.re\/#\/schema\/logo\/image\/","url":"https:\/\/kusmitea.re\/wp-content\/uploads\/2023\/05\/cropped-logo.webp","contentUrl":"https:\/\/kusmitea.re\/wp-content\/uploads\/2023\/05\/cropped-logo.webp","width":469,"height":141,"caption":"Kusmi Tea R\u00e9union"},"image":{"@id":"https:\/\/kusmitea.re\/#\/schema\/logo\/image\/"},"sameAs":["https:\/\/www.facebook.com\/p\/Kusmi-Tea-Runion-61571670075100\/","https:\/\/www.instagram.com\/kusmiteare\/"]}]}},"jetpack_sharing_enabled":true,"_links":{"self":[{"href":"https:\/\/kusmitea.re\/index.php\/wp-json\/wp\/v2\/product\/6759","targetHints":{"allow":["GET"]}}],"collection":[{"href":"https:\/\/kusmitea.re\/index.php\/wp-json\/wp\/v2\/product"}],"about":[{"href":"https:\/\/kusmitea.re\/index.php\/wp-json\/wp\/v2\/types\/product"}],"replies":[{"embeddable":true,"href":"https:\/\/kusmitea.re\/index.php\/wp-json\/wp\/v2\/comments?post=6759"}],"version-history":[{"count":3,"href":"https:\/\/kusmitea.re\/index.php\/wp-json\/wp\/v2\/product\/6759\/revisions"}],"predecessor-version":[{"id":12261,"href":"https:\/\/kusmitea.re\/index.php\/wp-json\/wp\/v2\/product\/6759\/revisions\/12261"}],"wp:featuredmedia":[{"embeddable":true,"href":"https:\/\/kusmitea.re\/index.php\/wp-json\/wp\/v2\/media\/6789"}],"wp:attachment":[{"href":"https:\/\/kusmitea.re\/index.php\/wp-json\/wp\/v2\/media?parent=6759"}],"wp:term":[{"taxonomy":"product_cat","embeddable":true,"href":"https:\/\/kusmitea.re\/index.php\/wp-json\/wp\/v2\/product_cat?post=6759"},{"taxonomy":"product_tag","embeddable":true,"href":"https:\/\/kusmitea.re\/index.php\/wp-json\/wp\/v2\/product_tag?post=6759"}],"curies":[{"name":"wp","href":"https:\/\/api.w.org\/{rel}","templated":true}]}}