{"id":6758,"date":"2025-08-30T07:09:54","date_gmt":"2025-08-30T05:09:54","guid":{"rendered":"https:\/\/kusmitea.re\/?post_type=product&#038;p=6758"},"modified":"2026-02-22T01:43:48","modified_gmt":"2026-02-22T00:43:48","slug":"matcha","status":"publish","type":"product","link":"https:\/\/kusmitea.re\/index.php\/product\/matcha\/","title":{"rendered":"Matcha &#8211; Kusmi Tea R\u00e9union"},"content":{"rendered":"<div data-bind=\"visible: gshpProductCardManager.effectiveIntroduction, text : gshpProductCardManager.effectiveIntroduction\">\n<h2 class=\"c-section-divider\">Th\u00e9 vert bio du Japon en poudre<\/h2>\n<div class=\"col-xs-12 value content c-read-more c-read-more--inline m-pdp__expandable-section\" data-initialized=\"true\" data-expanded=\"true\">\n<p>Un th\u00e9 bio en poudre du Japon \u00e0 d\u00e9guster\u00a0 dans les r\u00e8gles de la c\u00e9r\u00e9monie du th\u00e9.<\/p>\n<p>Le matcha bio est un th\u00e9 vert bio en poudre unique.<\/p>\n<p>Seules ses plus belles feuilles sont cueillies, avec le plus grand soin. Puis elles sont s\u00e9ch\u00e9es \u00e0 plat, avant d\u2019\u00eatre d\u00e9licatement broy\u00e9es en poudre fine entre deux blocs de granit. Un v\u00e9ritable travail d\u2019orf\u00e8vre ! Quant \u00e0 sa couleur vert \u00e9meraude, elle est inimitable.<\/p>\n<p>Ce qu\u2019il faut savoir c\u2019est qu\u2019il est le seul th\u00e9 dont la feuille est enti\u00e8rement absorb\u00e9e par l\u2019eau. C\u2019est ainsi son essence m\u00eame que l\u2019on boit, et pas seulement son infusion ! Avec une sensation en bouche incomparable. Unique, on vous dit !<\/p>\n<p>Le th\u00e9 vert matcha bio est donc un th\u00e9 bien singulier, il est l\u2019embl\u00e8me des fameuses c\u00e9r\u00e9monies du th\u00e9 japonaises, fond\u00e9es sur l\u2019harmonie, le respect, la puret\u00e9 et la tranquillit\u00e9. Avec lui, le bonheur se r\u00e9pand comme une tra\u00een\u00e9e de poudre.<\/p>\n<p>Et ce n\u2019est pas tout ! Le th\u00e9 matcha s\u2019y conna\u00eet aussi en p\u00e2tisserie : il sait comment donner \u00e0 vos madeleines et autres financiers une saveur et une couleur dont lui seul a le secret. Vous comprenez, maintenant, pourquoi il fut tour \u00e0 tour le th\u00e9 pr\u00e9f\u00e9r\u00e9 des moines bouddhistes, des samoura\u00efs et des empereurs\u2026 Et vous, lui r\u00e9sisterez-vous ?<\/p>\n<p>Retrouvez notre format bo\u00eete 30g pour une consommation traditionnelle du Matcha et notre <em>doypack<\/em> \u00e0 utiliser pour r\u00e9aliser vos meilleures pr\u00e9parations culinaires !<\/p>\n<p>Th\u00e9 bio disponible en vrac parce que c\u2019est bon pour la plan\u00e8te.<\/p>\n<h2 class=\"c-section-divider\">L&rsquo;info qu&rsquo;il vous faut<\/h2>\n<p>On vous donne la recette pour pr\u00e9parer un d\u00e9licieux matcha selon la m\u00e9thode rituelle. \u00c0 vous de d\u00e9cider si vous souhaitez utiliser le fouet (chasen) et la spatule (<em>chasaku<\/em>) en bambou traditionnels\u2026 Dans tous les cas, vous allez vous r\u00e9galer !<\/p>\n<p>1.\u00a0 \u00a0 \u00a0 \u00a0Versez 2 \u00e0 4 spatules de matcha dans un bol<\/p>\n<p>2.\u00a0 \u00a0 \u00a0 \u00a0Ajoutez de l\u2019eau pure \u00e0 80\u00b0<\/p>\n<p>3.\u00a0 \u00a0 \u00a0 \u00a0M\u00e9langez vigoureusement avec un fouet en d\u00e9crivant un W avec votre poignet<\/p>\n<p>4.\u00a0 \u00a0 \u00a0 \u00a0Lorsque le m\u00e9lange est homog\u00e8ne et qu\u2019une couche de mousse appara\u00eet, d\u00e9gustez, nature ou sucr\u00e9 !<\/p>\n<\/div>\n<div class=\"m-pdp__details description col-xs-12 value content\">\n<h3 class=\"c-section-divider\">Ingr\u00e9dients<\/h3>\n<div class=\"c-read-more c-read-more--inline m-pdp__expandable-section\"><span class=\"c-read-more__content\">Th\u00e9 vert bio du Japon en poudre* *Produit issu de l&rsquo;agriculture biologique<\/span><\/div>\n<\/div>\n<div class=\"m-pdp__informative-icons ms-row center-xs\">\n<div class=\"col-xs-6 col-md-4 text--center\"><span class=\"m-pdp__informative-title color--dark-grey\">Temp\u00e9rature d&rsquo;infusion <\/span><span class=\"m-pdp__informative-value color--dark-grey font--lato-bold\">80 \u00b0C<\/span><\/div>\n<\/div>\n<\/div>\n","protected":false},"excerpt":{"rendered":"<p class=\"c-product-details__product-name\"><span class=\"c-product-details__product-name2\">Th\u00e9 vert bio du Japon<\/span><\/p>\n","protected":false},"featured_media":6788,"comment_status":"open","ping_status":"closed","template":"","meta":[],"product_cat":[64],"product_tag":[328],"class_list":{"0":"post-6758","1":"product","2":"type-product","3":"status-publish","4":"has-post-thumbnail","6":"product_cat-thes-verts","7":"product_tag-new","9":"first","10":"instock","11":"shipping-taxable","12":"purchasable","13":"product-type-simple"},"yoast_head":"<!-- This site is optimized with the Yoast SEO plugin v26.6 - https:\/\/yoast.com\/wordpress\/plugins\/seo\/ -->\n<title>Matcha - Kusmi Tea R\u00e9union - Kusmi Tea R\u00e9union<\/title>\n<meta name=\"description\" content=\"Th\u00e9 vert bio du Japon en poudre, disponible \u00e0 la R\u00e9union par Kusmi Tea !\" \/>\n<meta name=\"robots\" content=\"index, follow, max-snippet:-1, max-image-preview:large, max-video-preview:-1\" \/>\n<link rel=\"canonical\" href=\"https:\/\/kusmitea.re\/index.php\/product\/matcha\/\" \/>\n<meta property=\"og:locale\" content=\"fr_FR\" \/>\n<meta property=\"og:type\" content=\"article\" \/>\n<meta property=\"og:title\" content=\"Matcha - Kusmi Tea R\u00e9union - Kusmi Tea R\u00e9union\" \/>\n<meta property=\"og:description\" content=\"Th\u00e9 vert bio du Japon en poudre, disponible \u00e0 la R\u00e9union par Kusmi Tea !\" \/>\n<meta property=\"og:url\" content=\"https:\/\/kusmitea.re\/index.php\/product\/matcha\/\" \/>\n<meta property=\"og:site_name\" content=\"Kusmi Tea R\u00e9union\" \/>\n<meta property=\"article:publisher\" content=\"https:\/\/www.facebook.com\/p\/Kusmi-Tea-Runion-61571670075100\/\" \/>\n<meta property=\"article:modified_time\" content=\"2026-02-22T00:43:48+00:00\" \/>\n<meta property=\"og:image\" content=\"https:\/\/kusmitea.re\/wp-content\/uploads\/2025\/08\/00db610b269b88e1b94261fc9c1774481c0acae4_8f9a3225ba3cc51bfb769398ea3edd0e6f1e0654_21695A1050.png\" \/>\n\t<meta property=\"og:image:width\" content=\"400\" \/>\n\t<meta property=\"og:image:height\" content=\"432\" \/>\n\t<meta property=\"og:image:type\" content=\"image\/png\" \/>\n<meta name=\"twitter:card\" content=\"summary_large_image\" \/>\n<meta name=\"twitter:label1\" content=\"Dur\u00e9e de lecture estim\u00e9e\" \/>\n\t<meta name=\"twitter:data1\" content=\"3 minutes\" \/>\n<script type=\"application\/ld+json\" class=\"yoast-schema-graph\">{\"@context\":\"https:\/\/schema.org\",\"@graph\":[{\"@type\":\"WebPage\",\"@id\":\"https:\/\/kusmitea.re\/index.php\/product\/matcha\/\",\"url\":\"https:\/\/kusmitea.re\/index.php\/product\/matcha\/\",\"name\":\"Matcha - Kusmi Tea R\u00e9union - Kusmi Tea R\u00e9union\",\"isPartOf\":{\"@id\":\"https:\/\/kusmitea.re\/#website\"},\"primaryImageOfPage\":{\"@id\":\"https:\/\/kusmitea.re\/index.php\/product\/matcha\/#primaryimage\"},\"image\":{\"@id\":\"https:\/\/kusmitea.re\/index.php\/product\/matcha\/#primaryimage\"},\"thumbnailUrl\":\"https:\/\/kusmitea.re\/wp-content\/uploads\/2025\/08\/00db610b269b88e1b94261fc9c1774481c0acae4_8f9a3225ba3cc51bfb769398ea3edd0e6f1e0654_21695A1050.png\",\"datePublished\":\"2025-08-30T05:09:54+00:00\",\"dateModified\":\"2026-02-22T00:43:48+00:00\",\"description\":\"Th\u00e9 vert bio du Japon en poudre, disponible \u00e0 la R\u00e9union par Kusmi Tea !\",\"breadcrumb\":{\"@id\":\"https:\/\/kusmitea.re\/index.php\/product\/matcha\/#breadcrumb\"},\"inLanguage\":\"fr-FR\",\"potentialAction\":[{\"@type\":\"ReadAction\",\"target\":[\"https:\/\/kusmitea.re\/index.php\/product\/matcha\/\"]}]},{\"@type\":\"ImageObject\",\"inLanguage\":\"fr-FR\",\"@id\":\"https:\/\/kusmitea.re\/index.php\/product\/matcha\/#primaryimage\",\"url\":\"https:\/\/kusmitea.re\/wp-content\/uploads\/2025\/08\/00db610b269b88e1b94261fc9c1774481c0acae4_8f9a3225ba3cc51bfb769398ea3edd0e6f1e0654_21695A1050.png\",\"contentUrl\":\"https:\/\/kusmitea.re\/wp-content\/uploads\/2025\/08\/00db610b269b88e1b94261fc9c1774481c0acae4_8f9a3225ba3cc51bfb769398ea3edd0e6f1e0654_21695A1050.png\",\"width\":400,\"height\":432},{\"@type\":\"BreadcrumbList\",\"@id\":\"https:\/\/kusmitea.re\/index.php\/product\/matcha\/#breadcrumb\",\"itemListElement\":[{\"@type\":\"ListItem\",\"position\":1,\"name\":\"Accueil\",\"item\":\"https:\/\/kusmitea.re\/\"},{\"@type\":\"ListItem\",\"position\":2,\"name\":\"Boutique\",\"item\":\"https:\/\/kusmitea.re\/index.php\/shop\/\"},{\"@type\":\"ListItem\",\"position\":3,\"name\":\"Matcha &#8211; Kusmi Tea R\u00e9union\"}]},{\"@type\":\"WebSite\",\"@id\":\"https:\/\/kusmitea.re\/#website\",\"url\":\"https:\/\/kusmitea.re\/\",\"name\":\"Kusmi Tea R\u00e9union\",\"description\":\"\",\"publisher\":{\"@id\":\"https:\/\/kusmitea.re\/#organization\"},\"potentialAction\":[{\"@type\":\"SearchAction\",\"target\":{\"@type\":\"EntryPoint\",\"urlTemplate\":\"https:\/\/kusmitea.re\/?s={search_term_string}\"},\"query-input\":{\"@type\":\"PropertyValueSpecification\",\"valueRequired\":true,\"valueName\":\"search_term_string\"}}],\"inLanguage\":\"fr-FR\"},{\"@type\":\"Organization\",\"@id\":\"https:\/\/kusmitea.re\/#organization\",\"name\":\"Kusmi Tea R\u00e9union\",\"url\":\"https:\/\/kusmitea.re\/\",\"logo\":{\"@type\":\"ImageObject\",\"inLanguage\":\"fr-FR\",\"@id\":\"https:\/\/kusmitea.re\/#\/schema\/logo\/image\/\",\"url\":\"https:\/\/kusmitea.re\/wp-content\/uploads\/2023\/05\/cropped-logo.webp\",\"contentUrl\":\"https:\/\/kusmitea.re\/wp-content\/uploads\/2023\/05\/cropped-logo.webp\",\"width\":469,\"height\":141,\"caption\":\"Kusmi Tea R\u00e9union\"},\"image\":{\"@id\":\"https:\/\/kusmitea.re\/#\/schema\/logo\/image\/\"},\"sameAs\":[\"https:\/\/www.facebook.com\/p\/Kusmi-Tea-Runion-61571670075100\/\",\"https:\/\/www.instagram.com\/kusmiteare\/\"]}]}<\/script>\n<!-- \/ Yoast SEO plugin. -->","yoast_head_json":{"title":"Matcha - Kusmi Tea R\u00e9union - Kusmi Tea R\u00e9union","description":"Th\u00e9 vert bio du Japon en poudre, disponible \u00e0 la R\u00e9union par Kusmi Tea !","robots":{"index":"index","follow":"follow","max-snippet":"max-snippet:-1","max-image-preview":"max-image-preview:large","max-video-preview":"max-video-preview:-1"},"canonical":"https:\/\/kusmitea.re\/index.php\/product\/matcha\/","og_locale":"fr_FR","og_type":"article","og_title":"Matcha - Kusmi Tea R\u00e9union - Kusmi Tea R\u00e9union","og_description":"Th\u00e9 vert bio du Japon en poudre, disponible \u00e0 la R\u00e9union par Kusmi Tea !","og_url":"https:\/\/kusmitea.re\/index.php\/product\/matcha\/","og_site_name":"Kusmi Tea R\u00e9union","article_publisher":"https:\/\/www.facebook.com\/p\/Kusmi-Tea-Runion-61571670075100\/","article_modified_time":"2026-02-22T00:43:48+00:00","og_image":[{"width":400,"height":432,"url":"https:\/\/kusmitea.re\/wp-content\/uploads\/2025\/08\/00db610b269b88e1b94261fc9c1774481c0acae4_8f9a3225ba3cc51bfb769398ea3edd0e6f1e0654_21695A1050.png","type":"image\/png"}],"twitter_card":"summary_large_image","twitter_misc":{"Dur\u00e9e de lecture estim\u00e9e":"3 minutes"},"schema":{"@context":"https:\/\/schema.org","@graph":[{"@type":"WebPage","@id":"https:\/\/kusmitea.re\/index.php\/product\/matcha\/","url":"https:\/\/kusmitea.re\/index.php\/product\/matcha\/","name":"Matcha - Kusmi Tea R\u00e9union - Kusmi Tea R\u00e9union","isPartOf":{"@id":"https:\/\/kusmitea.re\/#website"},"primaryImageOfPage":{"@id":"https:\/\/kusmitea.re\/index.php\/product\/matcha\/#primaryimage"},"image":{"@id":"https:\/\/kusmitea.re\/index.php\/product\/matcha\/#primaryimage"},"thumbnailUrl":"https:\/\/kusmitea.re\/wp-content\/uploads\/2025\/08\/00db610b269b88e1b94261fc9c1774481c0acae4_8f9a3225ba3cc51bfb769398ea3edd0e6f1e0654_21695A1050.png","datePublished":"2025-08-30T05:09:54+00:00","dateModified":"2026-02-22T00:43:48+00:00","description":"Th\u00e9 vert bio du Japon en poudre, disponible \u00e0 la R\u00e9union par Kusmi Tea !","breadcrumb":{"@id":"https:\/\/kusmitea.re\/index.php\/product\/matcha\/#breadcrumb"},"inLanguage":"fr-FR","potentialAction":[{"@type":"ReadAction","target":["https:\/\/kusmitea.re\/index.php\/product\/matcha\/"]}]},{"@type":"ImageObject","inLanguage":"fr-FR","@id":"https:\/\/kusmitea.re\/index.php\/product\/matcha\/#primaryimage","url":"https:\/\/kusmitea.re\/wp-content\/uploads\/2025\/08\/00db610b269b88e1b94261fc9c1774481c0acae4_8f9a3225ba3cc51bfb769398ea3edd0e6f1e0654_21695A1050.png","contentUrl":"https:\/\/kusmitea.re\/wp-content\/uploads\/2025\/08\/00db610b269b88e1b94261fc9c1774481c0acae4_8f9a3225ba3cc51bfb769398ea3edd0e6f1e0654_21695A1050.png","width":400,"height":432},{"@type":"BreadcrumbList","@id":"https:\/\/kusmitea.re\/index.php\/product\/matcha\/#breadcrumb","itemListElement":[{"@type":"ListItem","position":1,"name":"Accueil","item":"https:\/\/kusmitea.re\/"},{"@type":"ListItem","position":2,"name":"Boutique","item":"https:\/\/kusmitea.re\/index.php\/shop\/"},{"@type":"ListItem","position":3,"name":"Matcha &#8211; Kusmi Tea R\u00e9union"}]},{"@type":"WebSite","@id":"https:\/\/kusmitea.re\/#website","url":"https:\/\/kusmitea.re\/","name":"Kusmi Tea R\u00e9union","description":"","publisher":{"@id":"https:\/\/kusmitea.re\/#organization"},"potentialAction":[{"@type":"SearchAction","target":{"@type":"EntryPoint","urlTemplate":"https:\/\/kusmitea.re\/?s={search_term_string}"},"query-input":{"@type":"PropertyValueSpecification","valueRequired":true,"valueName":"search_term_string"}}],"inLanguage":"fr-FR"},{"@type":"Organization","@id":"https:\/\/kusmitea.re\/#organization","name":"Kusmi Tea R\u00e9union","url":"https:\/\/kusmitea.re\/","logo":{"@type":"ImageObject","inLanguage":"fr-FR","@id":"https:\/\/kusmitea.re\/#\/schema\/logo\/image\/","url":"https:\/\/kusmitea.re\/wp-content\/uploads\/2023\/05\/cropped-logo.webp","contentUrl":"https:\/\/kusmitea.re\/wp-content\/uploads\/2023\/05\/cropped-logo.webp","width":469,"height":141,"caption":"Kusmi Tea R\u00e9union"},"image":{"@id":"https:\/\/kusmitea.re\/#\/schema\/logo\/image\/"},"sameAs":["https:\/\/www.facebook.com\/p\/Kusmi-Tea-Runion-61571670075100\/","https:\/\/www.instagram.com\/kusmiteare\/"]}]}},"jetpack_sharing_enabled":true,"_links":{"self":[{"href":"https:\/\/kusmitea.re\/index.php\/wp-json\/wp\/v2\/product\/6758","targetHints":{"allow":["GET"]}}],"collection":[{"href":"https:\/\/kusmitea.re\/index.php\/wp-json\/wp\/v2\/product"}],"about":[{"href":"https:\/\/kusmitea.re\/index.php\/wp-json\/wp\/v2\/types\/product"}],"replies":[{"embeddable":true,"href":"https:\/\/kusmitea.re\/index.php\/wp-json\/wp\/v2\/comments?post=6758"}],"version-history":[{"count":4,"href":"https:\/\/kusmitea.re\/index.php\/wp-json\/wp\/v2\/product\/6758\/revisions"}],"predecessor-version":[{"id":12817,"href":"https:\/\/kusmitea.re\/index.php\/wp-json\/wp\/v2\/product\/6758\/revisions\/12817"}],"wp:featuredmedia":[{"embeddable":true,"href":"https:\/\/kusmitea.re\/index.php\/wp-json\/wp\/v2\/media\/6788"}],"wp:attachment":[{"href":"https:\/\/kusmitea.re\/index.php\/wp-json\/wp\/v2\/media?parent=6758"}],"wp:term":[{"taxonomy":"product_cat","embeddable":true,"href":"https:\/\/kusmitea.re\/index.php\/wp-json\/wp\/v2\/product_cat?post=6758"},{"taxonomy":"product_tag","embeddable":true,"href":"https:\/\/kusmitea.re\/index.php\/wp-json\/wp\/v2\/product_tag?post=6758"}],"curies":[{"name":"wp","href":"https:\/\/api.w.org\/{rel}","templated":true}]}}