{"id":6717,"date":"2025-08-30T07:05:30","date_gmt":"2025-08-30T05:05:30","guid":{"rendered":"https:\/\/kusmitea.re\/?post_type=product&#038;p=6717"},"modified":"2026-04-22T04:42:09","modified_gmt":"2026-04-22T02:42:09","slug":"rituel-defenses-immunitaires-bio","status":"publish","type":"product","link":"https:\/\/kusmitea.re\/index.php\/product\/rituel-defenses-immunitaires-bio\/","title":{"rendered":"Rituel D\u00e9fenses Immunitaires Bio"},"content":{"rendered":"\t\t<div data-elementor-type=\"wp-post\" data-elementor-id=\"6717\" class=\"elementor elementor-6717\">\n\t\t\t\t<div class=\"elementor-element elementor-element-68f9a412 e-flex e-con-boxed e-con e-parent\" data-id=\"68f9a412\" data-element_type=\"container\">\n\t\t\t\t\t<div class=\"e-con-inner\">\n\t\t\t\t<div class=\"elementor-element elementor-element-4326fd8a elementor-widget elementor-widget-text-editor\" data-id=\"4326fd8a\" data-element_type=\"widget\" data-widget_type=\"text-editor.default\">\n\t\t\t\t\t\t\t\t\t<p>Boostez vos d\u00e9fenses immunitaires avec un m\u00e9lange de mat\u00e9 et de th\u00e9 vert bio vitamin\u00e9 aux bienfaits cliniquement prouv\u00e9s\u00a0!<\/p><p>Kusmi Tea repousse les limites de l\u2019inventivit\u00e9 et laisse la science agir avec ce th\u00e9 sant\u00e9. Son objectif ? Renforcer vos d\u00e9fenses immunitaires en savourant chaque jour notre m\u00e9lange de mat\u00e9 et de th\u00e9 vert bio aux notes fruit\u00e9es d\u2019orange, de fruits tropicaux et de cassis. Son secret ? L\u2019ac\u00e9rola, l\u2019un des fruits les plus riches en vitamine C.<\/p><p>Parce que certaines p\u00e9riodes sont plus difficiles que d\u2019autres, personne n\u2019est \u00e0 l\u2019abri d\u2019une petite \u00ab baisse de r\u00e9gime \u00bb entra\u00eenant rhumes et autres petites infections.<\/p><p>Alors, pour joindre les bienfaits \u00e0 l\u2019agr\u00e9able, nous avons encore innov\u00e9. Gr\u00e2ce \u00e0 un proc\u00e9d\u00e9 innovant, nos feuilles de mat\u00e9 bio sont enrichies avec un extrait d\u2019ac\u00e9rola contenant la juste dose de vitamine C qui est reconnue pour soutenir les d\u00e9fenses immunitaires.<\/p><p>Rituel D\u00e9fenses Immunitaires est efficace d\u00e8s la premi\u00e8re tasse et si vous souhaitez \u00eatre totalement reboost\u00e9, avec 3 tasses par jour il vous apporte m\u00eame 100% de l\u2019apport journalier recommand\u00e9 en vitamine C !<\/p><p>Disponible en vrac parce que c\u2019est bon pour la plan\u00e8te, ou en sachets pour vous suivre partout.<\/p><p>R\u00e9\u00e9quilibrer l\u2019immunit\u00e9 prend du temps, il faut donc s&rsquo;armer de patience ! Une dur\u00e9e minimale de 4 semaines, nous semble \u00eatre le minimum afin de permettre au corps de retrouver toute sa vitalit\u00e9. Vous pouvez bien-s\u00fbr renouveler la prise autant de fois que souhait\u00e9, la cl\u00e9 c\u2019est de tenir sur la dur\u00e9e.!lireplus!<\/p><p style=\"text-align: center;\"><em><strong>Ingr\u00e9dients<\/strong><\/em><\/p><p style=\"text-align: justify;\">Mat\u00e9* (53%), th\u00e9 vert (17%)*, extrait d&rsquo;ac\u00e9rola (15%)* , ar\u00f4mes naturels de fruits tropicaux (4%)*, ar\u00f4me naturel de cassis, agents d&rsquo;enrobage, gomme d&rsquo;acacia et alginate de sodium d&rsquo;origine v\u00e9g\u00e9tale, ar\u00f4me naturel de mangue, ar\u00f4me naturel d&rsquo;orange*.<\/p><p style=\"text-align: left;\">*Produits issus de l&rsquo;agriculture biologique.<\/p><p style=\"text-align: center; flex-grow: 1; margin-bottom: 20px;\"><img decoding=\"async\" class=\"aligncenter\" src=\"http:\/\/kusmitea.re\/wp-content\/uploads\/2021\/02\/T\u00b0.png\" alt=\"\" width=\"30\" height=\"30\" \/> <strong>85\u00b0C<\/strong><\/p><p style=\"text-align: center; flex-grow: 1; margin-bottom: 20px;\"><img decoding=\"async\" class=\"aligncenter\" src=\"http:\/\/kusmitea.re\/wp-content\/uploads\/2021\/02\/timer-300x300.png\" alt=\"\" width=\"30\" height=\"30\" \/> <strong>3 min<\/strong><\/p><p>\u00a0<\/p><p>\u00a0<\/p><p>\u00a0<\/p><p>\u00a0<\/p>\t\t\t\t\t\t\t\t<\/div>\n\t\t\t\t\t<\/div>\n\t\t\t\t<\/div>\n\t\t\t\t<\/div>\n\t\t","protected":false},"excerpt":{"rendered":"<p><img decoding=\"async\" class=\"alignleft wp-image-3887\" src=\"https:\/\/kusmitea.re\/wp-content\/uploads\/2020\/05\/Bio.jpg\" alt=\"\" width=\"40\" height=\"40\" \/><\/p>\n","protected":false},"featured_media":6747,"comment_status":"open","ping_status":"closed","template":"","meta":[],"product_cat":[62,64],"product_tag":[61,328],"class_list":{"0":"post-6717","1":"product","2":"type-product","3":"status-publish","4":"has-post-thumbnail","6":"product_cat-bien-etre","7":"product_cat-thes-verts","8":"product_tag-eau-de-fruits-tisane","9":"product_tag-new","11":"first","12":"instock","13":"shipping-taxable","14":"purchasable","15":"product-type-variable","16":"has-default-attributes"},"yoast_head":"<!-- This site is optimized with the Yoast SEO plugin v26.6 - https:\/\/yoast.com\/wordpress\/plugins\/seo\/ -->\n<title>Rituel D\u00e9fenses Immunitaires Bio - Kusmi Tea R\u00e9union<\/title>\n<meta name=\"robots\" content=\"index, follow, max-snippet:-1, max-image-preview:large, max-video-preview:-1\" \/>\n<link rel=\"canonical\" href=\"https:\/\/kusmitea.re\/index.php\/product\/rituel-defenses-immunitaires-bio\/\" \/>\n<meta property=\"og:locale\" content=\"fr_FR\" \/>\n<meta property=\"og:type\" content=\"article\" \/>\n<meta property=\"og:title\" content=\"Rituel D\u00e9fenses Immunitaires Bio - Kusmi Tea R\u00e9union\" \/>\n<meta property=\"og:url\" content=\"https:\/\/kusmitea.re\/index.php\/product\/rituel-defenses-immunitaires-bio\/\" \/>\n<meta property=\"og:site_name\" content=\"Kusmi Tea R\u00e9union\" \/>\n<meta property=\"article:publisher\" content=\"https:\/\/www.facebook.com\/p\/Kusmi-Tea-Runion-61571670075100\/\" \/>\n<meta property=\"article:modified_time\" content=\"2026-04-22T02:42:09+00:00\" \/>\n<meta property=\"og:image\" content=\"https:\/\/kusmitea.re\/wp-content\/uploads\/2025\/08\/825959ba6e643ee3630af19ae4b2e56181d2badd_21153A1070_IMMU100BIO.png\" \/>\n\t<meta property=\"og:image:width\" content=\"800\" \/>\n\t<meta property=\"og:image:height\" content=\"612\" \/>\n\t<meta property=\"og:image:type\" content=\"image\/png\" \/>\n<meta name=\"twitter:card\" content=\"summary_large_image\" \/>\n<meta name=\"twitter:label1\" content=\"Dur\u00e9e de lecture estim\u00e9e\" \/>\n\t<meta name=\"twitter:data1\" content=\"3 minutes\" \/>\n<script type=\"application\/ld+json\" class=\"yoast-schema-graph\">{\"@context\":\"https:\/\/schema.org\",\"@graph\":[{\"@type\":\"WebPage\",\"@id\":\"https:\/\/kusmitea.re\/index.php\/product\/rituel-defenses-immunitaires-bio\/\",\"url\":\"https:\/\/kusmitea.re\/index.php\/product\/rituel-defenses-immunitaires-bio\/\",\"name\":\"Rituel D\u00e9fenses Immunitaires Bio - Kusmi Tea R\u00e9union\",\"isPartOf\":{\"@id\":\"https:\/\/kusmitea.re\/#website\"},\"primaryImageOfPage\":{\"@id\":\"https:\/\/kusmitea.re\/index.php\/product\/rituel-defenses-immunitaires-bio\/#primaryimage\"},\"image\":{\"@id\":\"https:\/\/kusmitea.re\/index.php\/product\/rituel-defenses-immunitaires-bio\/#primaryimage\"},\"thumbnailUrl\":\"https:\/\/kusmitea.re\/wp-content\/uploads\/2025\/08\/825959ba6e643ee3630af19ae4b2e56181d2badd_21153A1070_IMMU100BIO.png\",\"datePublished\":\"2025-08-30T05:05:30+00:00\",\"dateModified\":\"2026-04-22T02:42:09+00:00\",\"breadcrumb\":{\"@id\":\"https:\/\/kusmitea.re\/index.php\/product\/rituel-defenses-immunitaires-bio\/#breadcrumb\"},\"inLanguage\":\"fr-FR\",\"potentialAction\":[{\"@type\":\"ReadAction\",\"target\":[\"https:\/\/kusmitea.re\/index.php\/product\/rituel-defenses-immunitaires-bio\/\"]}]},{\"@type\":\"ImageObject\",\"inLanguage\":\"fr-FR\",\"@id\":\"https:\/\/kusmitea.re\/index.php\/product\/rituel-defenses-immunitaires-bio\/#primaryimage\",\"url\":\"https:\/\/kusmitea.re\/wp-content\/uploads\/2025\/08\/825959ba6e643ee3630af19ae4b2e56181d2badd_21153A1070_IMMU100BIO.png\",\"contentUrl\":\"https:\/\/kusmitea.re\/wp-content\/uploads\/2025\/08\/825959ba6e643ee3630af19ae4b2e56181d2badd_21153A1070_IMMU100BIO.png\",\"width\":800,\"height\":612},{\"@type\":\"BreadcrumbList\",\"@id\":\"https:\/\/kusmitea.re\/index.php\/product\/rituel-defenses-immunitaires-bio\/#breadcrumb\",\"itemListElement\":[{\"@type\":\"ListItem\",\"position\":1,\"name\":\"Accueil\",\"item\":\"https:\/\/kusmitea.re\/\"},{\"@type\":\"ListItem\",\"position\":2,\"name\":\"Boutique\",\"item\":\"https:\/\/kusmitea.re\/index.php\/shop\/\"},{\"@type\":\"ListItem\",\"position\":3,\"name\":\"Rituel D\u00e9fenses Immunitaires Bio\"}]},{\"@type\":\"WebSite\",\"@id\":\"https:\/\/kusmitea.re\/#website\",\"url\":\"https:\/\/kusmitea.re\/\",\"name\":\"Kusmi Tea R\u00e9union\",\"description\":\"\",\"publisher\":{\"@id\":\"https:\/\/kusmitea.re\/#organization\"},\"potentialAction\":[{\"@type\":\"SearchAction\",\"target\":{\"@type\":\"EntryPoint\",\"urlTemplate\":\"https:\/\/kusmitea.re\/?s={search_term_string}\"},\"query-input\":{\"@type\":\"PropertyValueSpecification\",\"valueRequired\":true,\"valueName\":\"search_term_string\"}}],\"inLanguage\":\"fr-FR\"},{\"@type\":\"Organization\",\"@id\":\"https:\/\/kusmitea.re\/#organization\",\"name\":\"Kusmi Tea R\u00e9union\",\"url\":\"https:\/\/kusmitea.re\/\",\"logo\":{\"@type\":\"ImageObject\",\"inLanguage\":\"fr-FR\",\"@id\":\"https:\/\/kusmitea.re\/#\/schema\/logo\/image\/\",\"url\":\"https:\/\/kusmitea.re\/wp-content\/uploads\/2023\/05\/cropped-logo.webp\",\"contentUrl\":\"https:\/\/kusmitea.re\/wp-content\/uploads\/2023\/05\/cropped-logo.webp\",\"width\":469,\"height\":141,\"caption\":\"Kusmi Tea R\u00e9union\"},\"image\":{\"@id\":\"https:\/\/kusmitea.re\/#\/schema\/logo\/image\/\"},\"sameAs\":[\"https:\/\/www.facebook.com\/p\/Kusmi-Tea-Runion-61571670075100\/\",\"https:\/\/www.instagram.com\/kusmiteare\/\"]}]}<\/script>\n<!-- \/ Yoast SEO plugin. -->","yoast_head_json":{"title":"Rituel D\u00e9fenses Immunitaires Bio - Kusmi Tea R\u00e9union","robots":{"index":"index","follow":"follow","max-snippet":"max-snippet:-1","max-image-preview":"max-image-preview:large","max-video-preview":"max-video-preview:-1"},"canonical":"https:\/\/kusmitea.re\/index.php\/product\/rituel-defenses-immunitaires-bio\/","og_locale":"fr_FR","og_type":"article","og_title":"Rituel D\u00e9fenses Immunitaires Bio - Kusmi Tea R\u00e9union","og_url":"https:\/\/kusmitea.re\/index.php\/product\/rituel-defenses-immunitaires-bio\/","og_site_name":"Kusmi Tea R\u00e9union","article_publisher":"https:\/\/www.facebook.com\/p\/Kusmi-Tea-Runion-61571670075100\/","article_modified_time":"2026-04-22T02:42:09+00:00","og_image":[{"width":800,"height":612,"url":"https:\/\/kusmitea.re\/wp-content\/uploads\/2025\/08\/825959ba6e643ee3630af19ae4b2e56181d2badd_21153A1070_IMMU100BIO.png","type":"image\/png"}],"twitter_card":"summary_large_image","twitter_misc":{"Dur\u00e9e de lecture estim\u00e9e":"3 minutes"},"schema":{"@context":"https:\/\/schema.org","@graph":[{"@type":"WebPage","@id":"https:\/\/kusmitea.re\/index.php\/product\/rituel-defenses-immunitaires-bio\/","url":"https:\/\/kusmitea.re\/index.php\/product\/rituel-defenses-immunitaires-bio\/","name":"Rituel D\u00e9fenses Immunitaires Bio - Kusmi Tea R\u00e9union","isPartOf":{"@id":"https:\/\/kusmitea.re\/#website"},"primaryImageOfPage":{"@id":"https:\/\/kusmitea.re\/index.php\/product\/rituel-defenses-immunitaires-bio\/#primaryimage"},"image":{"@id":"https:\/\/kusmitea.re\/index.php\/product\/rituel-defenses-immunitaires-bio\/#primaryimage"},"thumbnailUrl":"https:\/\/kusmitea.re\/wp-content\/uploads\/2025\/08\/825959ba6e643ee3630af19ae4b2e56181d2badd_21153A1070_IMMU100BIO.png","datePublished":"2025-08-30T05:05:30+00:00","dateModified":"2026-04-22T02:42:09+00:00","breadcrumb":{"@id":"https:\/\/kusmitea.re\/index.php\/product\/rituel-defenses-immunitaires-bio\/#breadcrumb"},"inLanguage":"fr-FR","potentialAction":[{"@type":"ReadAction","target":["https:\/\/kusmitea.re\/index.php\/product\/rituel-defenses-immunitaires-bio\/"]}]},{"@type":"ImageObject","inLanguage":"fr-FR","@id":"https:\/\/kusmitea.re\/index.php\/product\/rituel-defenses-immunitaires-bio\/#primaryimage","url":"https:\/\/kusmitea.re\/wp-content\/uploads\/2025\/08\/825959ba6e643ee3630af19ae4b2e56181d2badd_21153A1070_IMMU100BIO.png","contentUrl":"https:\/\/kusmitea.re\/wp-content\/uploads\/2025\/08\/825959ba6e643ee3630af19ae4b2e56181d2badd_21153A1070_IMMU100BIO.png","width":800,"height":612},{"@type":"BreadcrumbList","@id":"https:\/\/kusmitea.re\/index.php\/product\/rituel-defenses-immunitaires-bio\/#breadcrumb","itemListElement":[{"@type":"ListItem","position":1,"name":"Accueil","item":"https:\/\/kusmitea.re\/"},{"@type":"ListItem","position":2,"name":"Boutique","item":"https:\/\/kusmitea.re\/index.php\/shop\/"},{"@type":"ListItem","position":3,"name":"Rituel D\u00e9fenses Immunitaires Bio"}]},{"@type":"WebSite","@id":"https:\/\/kusmitea.re\/#website","url":"https:\/\/kusmitea.re\/","name":"Kusmi Tea R\u00e9union","description":"","publisher":{"@id":"https:\/\/kusmitea.re\/#organization"},"potentialAction":[{"@type":"SearchAction","target":{"@type":"EntryPoint","urlTemplate":"https:\/\/kusmitea.re\/?s={search_term_string}"},"query-input":{"@type":"PropertyValueSpecification","valueRequired":true,"valueName":"search_term_string"}}],"inLanguage":"fr-FR"},{"@type":"Organization","@id":"https:\/\/kusmitea.re\/#organization","name":"Kusmi Tea R\u00e9union","url":"https:\/\/kusmitea.re\/","logo":{"@type":"ImageObject","inLanguage":"fr-FR","@id":"https:\/\/kusmitea.re\/#\/schema\/logo\/image\/","url":"https:\/\/kusmitea.re\/wp-content\/uploads\/2023\/05\/cropped-logo.webp","contentUrl":"https:\/\/kusmitea.re\/wp-content\/uploads\/2023\/05\/cropped-logo.webp","width":469,"height":141,"caption":"Kusmi Tea R\u00e9union"},"image":{"@id":"https:\/\/kusmitea.re\/#\/schema\/logo\/image\/"},"sameAs":["https:\/\/www.facebook.com\/p\/Kusmi-Tea-Runion-61571670075100\/","https:\/\/www.instagram.com\/kusmiteare\/"]}]}},"jetpack_sharing_enabled":true,"_links":{"self":[{"href":"https:\/\/kusmitea.re\/index.php\/wp-json\/wp\/v2\/product\/6717","targetHints":{"allow":["GET"]}}],"collection":[{"href":"https:\/\/kusmitea.re\/index.php\/wp-json\/wp\/v2\/product"}],"about":[{"href":"https:\/\/kusmitea.re\/index.php\/wp-json\/wp\/v2\/types\/product"}],"replies":[{"embeddable":true,"href":"https:\/\/kusmitea.re\/index.php\/wp-json\/wp\/v2\/comments?post=6717"}],"version-history":[{"count":5,"href":"https:\/\/kusmitea.re\/index.php\/wp-json\/wp\/v2\/product\/6717\/revisions"}],"predecessor-version":[{"id":13187,"href":"https:\/\/kusmitea.re\/index.php\/wp-json\/wp\/v2\/product\/6717\/revisions\/13187"}],"wp:featuredmedia":[{"embeddable":true,"href":"https:\/\/kusmitea.re\/index.php\/wp-json\/wp\/v2\/media\/6747"}],"wp:attachment":[{"href":"https:\/\/kusmitea.re\/index.php\/wp-json\/wp\/v2\/media?parent=6717"}],"wp:term":[{"taxonomy":"product_cat","embeddable":true,"href":"https:\/\/kusmitea.re\/index.php\/wp-json\/wp\/v2\/product_cat?post=6717"},{"taxonomy":"product_tag","embeddable":true,"href":"https:\/\/kusmitea.re\/index.php\/wp-json\/wp\/v2\/product_tag?post=6717"}],"curies":[{"name":"wp","href":"https:\/\/api.w.org\/{rel}","templated":true}]}}