{"id":6278,"date":"2025-08-30T06:44:05","date_gmt":"2025-08-30T04:44:05","guid":{"rendered":"https:\/\/kusmitea.re\/?post_type=product&#038;p=6278"},"modified":"2026-01-02T04:32:08","modified_gmt":"2026-01-02T03:32:08","slug":"les-essentiels-bio-24-sachets","status":"publish","type":"product","link":"https:\/\/kusmitea.re\/index.php\/product\/les-essentiels-bio-24-sachets\/","title":{"rendered":"Les Essentiels Bio &#8211; 24 sachets"},"content":{"rendered":"<p>Le Coffret Les Essentiels est compos\u00e9 de 24 sachets de th\u00e9s aromatis\u00e9s, th\u00e9 nature et infusion. Un petit cadeau qui fera plaisir \u00e0 coup s\u00fbr !\u00a0\u00a0Le Coffret de th\u00e9 Les Essentiels est compos\u00e9 de 24 sachets de th\u00e9 en mousseline et pr\u00e9sente les 12 recettes incontournables de la maison Kusmi Tea. Il y en a pour tous les go\u00fbts !\u00a0\u00a0Les amateurs de nos m\u00e9langes historiques\u00a0 auront plaisir \u00e0 d\u00e9guster une tasse de Prince Wladimir, Anastasia, Kashmir Tcha\u00ef, St-P\u00e9tersbourg ou m\u00eame Label Imp\u00e9rial. BB Detox, Detox, et Be Cool sont trois recettes incontournables de notre gamme Bien-\u00eatre. Pour les amateurs de th\u00e9s noirs natures, Darjeeling n\u00b037 et Th\u00e9 du matin n\u00b024 vont devenir vos nouveaux alli\u00e9s pour le petit-d\u00e9jeuner. Quant aux amateurs de th\u00e9s verts aromatis\u00e9s, le Th\u00e9 vert \u00e0 la menthe et le Th\u00e9 vert parfum\u00e9 au jasmin sont des m\u00e9langes particuli\u00e8rement agr\u00e9ables apr\u00e8s les repas.\u00a0\u00a0Vous \u00eates \u00e0 la recherche d&rsquo;une id\u00e9e cadeau ? Ce coffret est id\u00e9al pour faire d\u00e9couvrir les best-sellers de la maison.\u00a0Depuis 2019, Kusmi Tea produit tous ses sachets de th\u00e9 en France. Ils sont fabriqu\u00e9s dans un tissu v\u00e9g\u00e9tal biod\u00e9gradable.<\/p>\n","protected":false},"excerpt":{"rendered":"<p>Le Coffret Les Essentiels est compos\u00e9 de 24 sachets de th\u00e9s aromatis\u00e9s, th\u00e9 nature et infusion. Un petit cadeau qui fera plaisir \u00e0 coup s\u00fbr !\u00a0\u00a0Le Coffret de th\u00e9 Les Essentiels est compos\u00e9 de 24 sachets de th\u00e9 en mousseline et pr\u00e9sente les 12 recettes incontournables de la maison Kusmi Tea. Il y en a [&hellip;]<\/p>\n","protected":false},"featured_media":6333,"comment_status":"open","ping_status":"closed","template":"","meta":[],"product_cat":[112,146,114],"product_tag":[],"class_list":{"0":"post-6278","1":"product","2":"type-product","3":"status-publish","4":"has-post-thumbnail","6":"product_cat-coffrets-cadeaux","7":"product_cat-coffrets-de-the-en-sachet","8":"product_cat-idees-cadeaux","10":"first","11":"outofstock","12":"shipping-taxable","13":"purchasable","14":"product-type-simple"},"yoast_head":"<!-- This site is optimized with the Yoast SEO plugin v26.6 - https:\/\/yoast.com\/wordpress\/plugins\/seo\/ -->\n<title>Les Essentiels Bio - 24 sachets - Kusmi Tea R\u00e9union<\/title>\n<meta name=\"robots\" content=\"index, follow, max-snippet:-1, max-image-preview:large, max-video-preview:-1\" \/>\n<link rel=\"canonical\" href=\"https:\/\/kusmitea.re\/index.php\/product\/les-essentiels-bio-24-sachets\/\" \/>\n<meta property=\"og:locale\" content=\"fr_FR\" \/>\n<meta property=\"og:type\" content=\"article\" \/>\n<meta property=\"og:title\" content=\"Les Essentiels Bio - 24 sachets - Kusmi Tea R\u00e9union\" \/>\n<meta property=\"og:description\" content=\"Le Coffret Les Essentiels est compos\u00e9 de 24 sachets de th\u00e9s aromatis\u00e9s, th\u00e9 nature et infusion. Un petit cadeau qui fera plaisir \u00e0 coup s\u00fbr !\u00a0\u00a0Le Coffret de th\u00e9 Les Essentiels est compos\u00e9 de 24 sachets de th\u00e9 en mousseline et pr\u00e9sente les 12 recettes incontournables de la maison Kusmi Tea. Il y en a [&hellip;]\" \/>\n<meta property=\"og:url\" content=\"https:\/\/kusmitea.re\/index.php\/product\/les-essentiels-bio-24-sachets\/\" \/>\n<meta property=\"og:site_name\" content=\"Kusmi Tea R\u00e9union\" \/>\n<meta property=\"article:publisher\" content=\"https:\/\/www.facebook.com\/p\/Kusmi-Tea-Runion-61571670075100\/\" \/>\n<meta property=\"article:modified_time\" content=\"2026-01-02T03:32:08+00:00\" \/>\n<meta property=\"og:image\" content=\"https:\/\/kusmitea.re\/wp-content\/uploads\/2025\/08\/ESSEN24EBIO.jpg\" \/>\n\t<meta property=\"og:image:width\" content=\"500\" \/>\n\t<meta property=\"og:image:height\" content=\"500\" \/>\n\t<meta property=\"og:image:type\" content=\"image\/jpeg\" \/>\n<meta name=\"twitter:card\" content=\"summary_large_image\" \/>\n<meta name=\"twitter:label1\" content=\"Dur\u00e9e de lecture estim\u00e9e\" \/>\n\t<meta name=\"twitter:data1\" content=\"2 minutes\" \/>\n<script type=\"application\/ld+json\" class=\"yoast-schema-graph\">{\"@context\":\"https:\/\/schema.org\",\"@graph\":[{\"@type\":\"WebPage\",\"@id\":\"https:\/\/kusmitea.re\/index.php\/product\/les-essentiels-bio-24-sachets\/\",\"url\":\"https:\/\/kusmitea.re\/index.php\/product\/les-essentiels-bio-24-sachets\/\",\"name\":\"Les Essentiels Bio - 24 sachets - Kusmi Tea R\u00e9union\",\"isPartOf\":{\"@id\":\"https:\/\/kusmitea.re\/#website\"},\"primaryImageOfPage\":{\"@id\":\"https:\/\/kusmitea.re\/index.php\/product\/les-essentiels-bio-24-sachets\/#primaryimage\"},\"image\":{\"@id\":\"https:\/\/kusmitea.re\/index.php\/product\/les-essentiels-bio-24-sachets\/#primaryimage\"},\"thumbnailUrl\":\"https:\/\/kusmitea.re\/wp-content\/uploads\/2025\/08\/ESSEN24EBIO.jpg\",\"datePublished\":\"2025-08-30T04:44:05+00:00\",\"dateModified\":\"2026-01-02T03:32:08+00:00\",\"breadcrumb\":{\"@id\":\"https:\/\/kusmitea.re\/index.php\/product\/les-essentiels-bio-24-sachets\/#breadcrumb\"},\"inLanguage\":\"fr-FR\",\"potentialAction\":[{\"@type\":\"ReadAction\",\"target\":[\"https:\/\/kusmitea.re\/index.php\/product\/les-essentiels-bio-24-sachets\/\"]}]},{\"@type\":\"ImageObject\",\"inLanguage\":\"fr-FR\",\"@id\":\"https:\/\/kusmitea.re\/index.php\/product\/les-essentiels-bio-24-sachets\/#primaryimage\",\"url\":\"https:\/\/kusmitea.re\/wp-content\/uploads\/2025\/08\/ESSEN24EBIO.jpg\",\"contentUrl\":\"https:\/\/kusmitea.re\/wp-content\/uploads\/2025\/08\/ESSEN24EBIO.jpg\",\"width\":500,\"height\":500},{\"@type\":\"BreadcrumbList\",\"@id\":\"https:\/\/kusmitea.re\/index.php\/product\/les-essentiels-bio-24-sachets\/#breadcrumb\",\"itemListElement\":[{\"@type\":\"ListItem\",\"position\":1,\"name\":\"Accueil\",\"item\":\"https:\/\/kusmitea.re\/\"},{\"@type\":\"ListItem\",\"position\":2,\"name\":\"Boutique\",\"item\":\"https:\/\/kusmitea.re\/index.php\/shop\/\"},{\"@type\":\"ListItem\",\"position\":3,\"name\":\"Les Essentiels Bio &#8211; 24 sachets\"}]},{\"@type\":\"WebSite\",\"@id\":\"https:\/\/kusmitea.re\/#website\",\"url\":\"https:\/\/kusmitea.re\/\",\"name\":\"Kusmi Tea R\u00e9union\",\"description\":\"\",\"publisher\":{\"@id\":\"https:\/\/kusmitea.re\/#organization\"},\"potentialAction\":[{\"@type\":\"SearchAction\",\"target\":{\"@type\":\"EntryPoint\",\"urlTemplate\":\"https:\/\/kusmitea.re\/?s={search_term_string}\"},\"query-input\":{\"@type\":\"PropertyValueSpecification\",\"valueRequired\":true,\"valueName\":\"search_term_string\"}}],\"inLanguage\":\"fr-FR\"},{\"@type\":\"Organization\",\"@id\":\"https:\/\/kusmitea.re\/#organization\",\"name\":\"Kusmi Tea R\u00e9union\",\"url\":\"https:\/\/kusmitea.re\/\",\"logo\":{\"@type\":\"ImageObject\",\"inLanguage\":\"fr-FR\",\"@id\":\"https:\/\/kusmitea.re\/#\/schema\/logo\/image\/\",\"url\":\"https:\/\/kusmitea.re\/wp-content\/uploads\/2023\/05\/cropped-logo.webp\",\"contentUrl\":\"https:\/\/kusmitea.re\/wp-content\/uploads\/2023\/05\/cropped-logo.webp\",\"width\":469,\"height\":141,\"caption\":\"Kusmi Tea R\u00e9union\"},\"image\":{\"@id\":\"https:\/\/kusmitea.re\/#\/schema\/logo\/image\/\"},\"sameAs\":[\"https:\/\/www.facebook.com\/p\/Kusmi-Tea-Runion-61571670075100\/\",\"https:\/\/www.instagram.com\/kusmiteare\/\"]}]}<\/script>\n<!-- \/ Yoast SEO plugin. -->","yoast_head_json":{"title":"Les Essentiels Bio - 24 sachets - Kusmi Tea R\u00e9union","robots":{"index":"index","follow":"follow","max-snippet":"max-snippet:-1","max-image-preview":"max-image-preview:large","max-video-preview":"max-video-preview:-1"},"canonical":"https:\/\/kusmitea.re\/index.php\/product\/les-essentiels-bio-24-sachets\/","og_locale":"fr_FR","og_type":"article","og_title":"Les Essentiels Bio - 24 sachets - Kusmi Tea R\u00e9union","og_description":"Le Coffret Les Essentiels est compos\u00e9 de 24 sachets de th\u00e9s aromatis\u00e9s, th\u00e9 nature et infusion. Un petit cadeau qui fera plaisir \u00e0 coup s\u00fbr !\u00a0\u00a0Le Coffret de th\u00e9 Les Essentiels est compos\u00e9 de 24 sachets de th\u00e9 en mousseline et pr\u00e9sente les 12 recettes incontournables de la maison Kusmi Tea. Il y en a [&hellip;]","og_url":"https:\/\/kusmitea.re\/index.php\/product\/les-essentiels-bio-24-sachets\/","og_site_name":"Kusmi Tea R\u00e9union","article_publisher":"https:\/\/www.facebook.com\/p\/Kusmi-Tea-Runion-61571670075100\/","article_modified_time":"2026-01-02T03:32:08+00:00","og_image":[{"width":500,"height":500,"url":"https:\/\/kusmitea.re\/wp-content\/uploads\/2025\/08\/ESSEN24EBIO.jpg","type":"image\/jpeg"}],"twitter_card":"summary_large_image","twitter_misc":{"Dur\u00e9e de lecture estim\u00e9e":"2 minutes"},"schema":{"@context":"https:\/\/schema.org","@graph":[{"@type":"WebPage","@id":"https:\/\/kusmitea.re\/index.php\/product\/les-essentiels-bio-24-sachets\/","url":"https:\/\/kusmitea.re\/index.php\/product\/les-essentiels-bio-24-sachets\/","name":"Les Essentiels Bio - 24 sachets - Kusmi Tea R\u00e9union","isPartOf":{"@id":"https:\/\/kusmitea.re\/#website"},"primaryImageOfPage":{"@id":"https:\/\/kusmitea.re\/index.php\/product\/les-essentiels-bio-24-sachets\/#primaryimage"},"image":{"@id":"https:\/\/kusmitea.re\/index.php\/product\/les-essentiels-bio-24-sachets\/#primaryimage"},"thumbnailUrl":"https:\/\/kusmitea.re\/wp-content\/uploads\/2025\/08\/ESSEN24EBIO.jpg","datePublished":"2025-08-30T04:44:05+00:00","dateModified":"2026-01-02T03:32:08+00:00","breadcrumb":{"@id":"https:\/\/kusmitea.re\/index.php\/product\/les-essentiels-bio-24-sachets\/#breadcrumb"},"inLanguage":"fr-FR","potentialAction":[{"@type":"ReadAction","target":["https:\/\/kusmitea.re\/index.php\/product\/les-essentiels-bio-24-sachets\/"]}]},{"@type":"ImageObject","inLanguage":"fr-FR","@id":"https:\/\/kusmitea.re\/index.php\/product\/les-essentiels-bio-24-sachets\/#primaryimage","url":"https:\/\/kusmitea.re\/wp-content\/uploads\/2025\/08\/ESSEN24EBIO.jpg","contentUrl":"https:\/\/kusmitea.re\/wp-content\/uploads\/2025\/08\/ESSEN24EBIO.jpg","width":500,"height":500},{"@type":"BreadcrumbList","@id":"https:\/\/kusmitea.re\/index.php\/product\/les-essentiels-bio-24-sachets\/#breadcrumb","itemListElement":[{"@type":"ListItem","position":1,"name":"Accueil","item":"https:\/\/kusmitea.re\/"},{"@type":"ListItem","position":2,"name":"Boutique","item":"https:\/\/kusmitea.re\/index.php\/shop\/"},{"@type":"ListItem","position":3,"name":"Les Essentiels Bio &#8211; 24 sachets"}]},{"@type":"WebSite","@id":"https:\/\/kusmitea.re\/#website","url":"https:\/\/kusmitea.re\/","name":"Kusmi Tea R\u00e9union","description":"","publisher":{"@id":"https:\/\/kusmitea.re\/#organization"},"potentialAction":[{"@type":"SearchAction","target":{"@type":"EntryPoint","urlTemplate":"https:\/\/kusmitea.re\/?s={search_term_string}"},"query-input":{"@type":"PropertyValueSpecification","valueRequired":true,"valueName":"search_term_string"}}],"inLanguage":"fr-FR"},{"@type":"Organization","@id":"https:\/\/kusmitea.re\/#organization","name":"Kusmi Tea R\u00e9union","url":"https:\/\/kusmitea.re\/","logo":{"@type":"ImageObject","inLanguage":"fr-FR","@id":"https:\/\/kusmitea.re\/#\/schema\/logo\/image\/","url":"https:\/\/kusmitea.re\/wp-content\/uploads\/2023\/05\/cropped-logo.webp","contentUrl":"https:\/\/kusmitea.re\/wp-content\/uploads\/2023\/05\/cropped-logo.webp","width":469,"height":141,"caption":"Kusmi Tea R\u00e9union"},"image":{"@id":"https:\/\/kusmitea.re\/#\/schema\/logo\/image\/"},"sameAs":["https:\/\/www.facebook.com\/p\/Kusmi-Tea-Runion-61571670075100\/","https:\/\/www.instagram.com\/kusmiteare\/"]}]}},"jetpack_sharing_enabled":true,"_links":{"self":[{"href":"https:\/\/kusmitea.re\/index.php\/wp-json\/wp\/v2\/product\/6278","targetHints":{"allow":["GET"]}}],"collection":[{"href":"https:\/\/kusmitea.re\/index.php\/wp-json\/wp\/v2\/product"}],"about":[{"href":"https:\/\/kusmitea.re\/index.php\/wp-json\/wp\/v2\/types\/product"}],"replies":[{"embeddable":true,"href":"https:\/\/kusmitea.re\/index.php\/wp-json\/wp\/v2\/comments?post=6278"}],"version-history":[{"count":1,"href":"https:\/\/kusmitea.re\/index.php\/wp-json\/wp\/v2\/product\/6278\/revisions"}],"predecessor-version":[{"id":12927,"href":"https:\/\/kusmitea.re\/index.php\/wp-json\/wp\/v2\/product\/6278\/revisions\/12927"}],"wp:featuredmedia":[{"embeddable":true,"href":"https:\/\/kusmitea.re\/index.php\/wp-json\/wp\/v2\/media\/6333"}],"wp:attachment":[{"href":"https:\/\/kusmitea.re\/index.php\/wp-json\/wp\/v2\/media?parent=6278"}],"wp:term":[{"taxonomy":"product_cat","embeddable":true,"href":"https:\/\/kusmitea.re\/index.php\/wp-json\/wp\/v2\/product_cat?post=6278"},{"taxonomy":"product_tag","embeddable":true,"href":"https:\/\/kusmitea.re\/index.php\/wp-json\/wp\/v2\/product_tag?post=6278"}],"curies":[{"name":"wp","href":"https:\/\/api.w.org\/{rel}","templated":true}]}}