{"id":6254,"date":"2025-08-30T06:43:20","date_gmt":"2025-08-30T04:43:20","guid":{"rendered":"https:\/\/kusmitea.re\/?post_type=product&#038;p=6254"},"modified":"2025-09-22T11:14:02","modified_gmt":"2025-09-22T09:14:02","slug":"the-blanc-alain-ducasse","status":"publish","type":"product","link":"https:\/\/kusmitea.re\/index.php\/product\/the-blanc-alain-ducasse\/","title":{"rendered":"Th\u00e9 blanc Alain Ducasse"},"content":{"rendered":"\t\t<div data-elementor-type=\"wp-post\" data-elementor-id=\"6254\" class=\"elementor elementor-6254\">\n\t\t\t\t<div class=\"elementor-element elementor-element-71a20a1c e-flex e-con-boxed e-con e-parent\" data-id=\"71a20a1c\" data-element_type=\"container\">\n\t\t\t\t\t<div class=\"e-con-inner\">\n\t\t\t\t<div class=\"elementor-element elementor-element-73a2fabf elementor-widget elementor-widget-text-editor\" data-id=\"73a2fabf\" data-element_type=\"widget\" data-widget_type=\"text-editor.default\">\n\t\t\t\t\t\t\t\t\t<p>Une recette raffin\u00e9e de th\u00e9 blanc de qualit\u00e9 sublim\u00e9 par des notes subtiles de rose et de framboise<\/p><p>A l\u2019occasion de ses 150 ans, Kusmi Tea s\u2019associe \u00e0 Alain Ducasse pour la cr\u00e9ation de son premier th\u00e9 blanc. Les bourgeons et les premi\u00e8res feuilles de th\u00e9 sont cueillis \u00e0 la main au printemps afin d\u2019obtenir un th\u00e9 rare et pr\u00e9cieux, sublim\u00e9 par le c\u00e9l\u00e8bre chef gr\u00e2ce \u00e0 une recette in\u00e9dite aux notes d\u00e9licates de rose et de framboise.<\/p><p>Disponible au poids et en bo\u00eete de 120g.<\/p><p style=\"text-align: center;\"><em><strong>Ingr\u00e9dients<\/strong><\/em><\/p><p style=\"text-align: left;\">Th\u00e9 blanc, th\u00e9 vert, ar\u00f4mes (framboise, rose).<\/p><p style=\"text-align: center; flex-grow: 1; margin-bottom: 20px;\"><img decoding=\"async\" class=\"aligncenter\" src=\"http:\/\/kusmitea.re\/wp-content\/uploads\/2021\/02\/T\u00b0.png\" alt=\"\" width=\"30\" height=\"30\" \/> <strong>80\u00b0C<\/strong><\/p><p style=\"text-align: center; flex-grow: 1; margin-bottom: 20px;\"><img decoding=\"async\" class=\"aligncenter\" src=\"http:\/\/kusmitea.re\/wp-content\/uploads\/2021\/02\/timer-300x300.png\" alt=\"\" width=\"30\" height=\"30\" \/> <strong>3 min<\/strong><\/p>\t\t\t\t\t\t\t\t<\/div>\n\t\t\t\t\t<\/div>\n\t\t\t\t<\/div>\n\t\t\t\t<\/div>\n\t\t","protected":false},"excerpt":{"rendered":"<p>Une recette raffin\u00e9e de th\u00e9 blanc de qualit\u00e9 sublim\u00e9 par des notes subtiles de rose et de framboise A l\u2019occasion de ses 150 ans, Kusmi Tea s\u2019associe \u00e0 Alain Ducasse pour la cr\u00e9ation de son premier th\u00e9 blanc. Les bourgeons et les premi\u00e8res feuilles de th\u00e9 sont cueillis \u00e0 la main au printemps afin d\u2019obtenir [&hellip;]<\/p>\n","protected":false},"featured_media":6305,"comment_status":"open","ping_status":"closed","template":"","meta":[],"product_cat":[72],"product_tag":[69,73],"class_list":{"0":"post-6254","1":"product","2":"type-product","3":"status-publish","4":"has-post-thumbnail","6":"product_cat-thes-blancs","7":"product_tag-florale","8":"product_tag-the-blanc","10":"first","11":"instock","12":"shipping-taxable","13":"purchasable","14":"product-type-variable","15":"has-default-attributes"},"yoast_head":"<!-- This site is optimized with the Yoast SEO plugin v26.6 - https:\/\/yoast.com\/wordpress\/plugins\/seo\/ -->\n<title>Th\u00e9 blanc Alain Ducasse - Kusmi Tea R\u00e9union<\/title>\n<meta name=\"robots\" content=\"index, follow, max-snippet:-1, max-image-preview:large, max-video-preview:-1\" \/>\n<link rel=\"canonical\" href=\"https:\/\/kusmitea.re\/index.php\/product\/the-blanc-alain-ducasse\/\" \/>\n<meta property=\"og:locale\" content=\"fr_FR\" \/>\n<meta property=\"og:type\" content=\"article\" \/>\n<meta property=\"og:title\" content=\"Th\u00e9 blanc Alain Ducasse - Kusmi Tea R\u00e9union\" \/>\n<meta property=\"og:description\" content=\"Une recette raffin\u00e9e de th\u00e9 blanc de qualit\u00e9 sublim\u00e9 par des notes subtiles de rose et de framboise A l\u2019occasion de ses 150 ans, Kusmi Tea s\u2019associe \u00e0 Alain Ducasse pour la cr\u00e9ation de son premier th\u00e9 blanc. Les bourgeons et les premi\u00e8res feuilles de th\u00e9 sont cueillis \u00e0 la main au printemps afin d\u2019obtenir [&hellip;]\" \/>\n<meta property=\"og:url\" content=\"https:\/\/kusmitea.re\/index.php\/product\/the-blanc-alain-ducasse\/\" \/>\n<meta property=\"og:site_name\" content=\"Kusmi Tea R\u00e9union\" \/>\n<meta property=\"article:publisher\" content=\"https:\/\/www.facebook.com\/p\/Kusmi-Tea-Runion-61571670075100\/\" \/>\n<meta property=\"article:modified_time\" content=\"2025-09-22T09:14:02+00:00\" \/>\n<meta property=\"og:image\" content=\"https:\/\/kusmitea.re\/wp-content\/uploads\/2025\/08\/BROF_120G_THE_DUCASSE_METAL.png\" \/>\n\t<meta property=\"og:image:width\" content=\"1080\" \/>\n\t<meta property=\"og:image:height\" content=\"1080\" \/>\n\t<meta property=\"og:image:type\" content=\"image\/png\" \/>\n<meta name=\"twitter:card\" content=\"summary_large_image\" \/>\n<meta name=\"twitter:label1\" content=\"Dur\u00e9e de lecture estim\u00e9e\" \/>\n\t<meta name=\"twitter:data1\" content=\"3 minutes\" \/>\n<script type=\"application\/ld+json\" class=\"yoast-schema-graph\">{\"@context\":\"https:\/\/schema.org\",\"@graph\":[{\"@type\":\"WebPage\",\"@id\":\"https:\/\/kusmitea.re\/index.php\/product\/the-blanc-alain-ducasse\/\",\"url\":\"https:\/\/kusmitea.re\/index.php\/product\/the-blanc-alain-ducasse\/\",\"name\":\"Th\u00e9 blanc Alain Ducasse - Kusmi Tea R\u00e9union\",\"isPartOf\":{\"@id\":\"https:\/\/kusmitea.re\/#website\"},\"primaryImageOfPage\":{\"@id\":\"https:\/\/kusmitea.re\/index.php\/product\/the-blanc-alain-ducasse\/#primaryimage\"},\"image\":{\"@id\":\"https:\/\/kusmitea.re\/index.php\/product\/the-blanc-alain-ducasse\/#primaryimage\"},\"thumbnailUrl\":\"https:\/\/kusmitea.re\/wp-content\/uploads\/2025\/08\/BROF_120G_THE_DUCASSE_METAL.png\",\"datePublished\":\"2025-08-30T04:43:20+00:00\",\"dateModified\":\"2025-09-22T09:14:02+00:00\",\"breadcrumb\":{\"@id\":\"https:\/\/kusmitea.re\/index.php\/product\/the-blanc-alain-ducasse\/#breadcrumb\"},\"inLanguage\":\"fr-FR\",\"potentialAction\":[{\"@type\":\"ReadAction\",\"target\":[\"https:\/\/kusmitea.re\/index.php\/product\/the-blanc-alain-ducasse\/\"]}]},{\"@type\":\"ImageObject\",\"inLanguage\":\"fr-FR\",\"@id\":\"https:\/\/kusmitea.re\/index.php\/product\/the-blanc-alain-ducasse\/#primaryimage\",\"url\":\"https:\/\/kusmitea.re\/wp-content\/uploads\/2025\/08\/BROF_120G_THE_DUCASSE_METAL.png\",\"contentUrl\":\"https:\/\/kusmitea.re\/wp-content\/uploads\/2025\/08\/BROF_120G_THE_DUCASSE_METAL.png\",\"width\":1080,\"height\":1080},{\"@type\":\"BreadcrumbList\",\"@id\":\"https:\/\/kusmitea.re\/index.php\/product\/the-blanc-alain-ducasse\/#breadcrumb\",\"itemListElement\":[{\"@type\":\"ListItem\",\"position\":1,\"name\":\"Accueil\",\"item\":\"https:\/\/kusmitea.re\/\"},{\"@type\":\"ListItem\",\"position\":2,\"name\":\"Boutique\",\"item\":\"https:\/\/kusmitea.re\/index.php\/shop\/\"},{\"@type\":\"ListItem\",\"position\":3,\"name\":\"Th\u00e9 blanc Alain Ducasse\"}]},{\"@type\":\"WebSite\",\"@id\":\"https:\/\/kusmitea.re\/#website\",\"url\":\"https:\/\/kusmitea.re\/\",\"name\":\"Kusmi Tea R\u00e9union\",\"description\":\"\",\"publisher\":{\"@id\":\"https:\/\/kusmitea.re\/#organization\"},\"potentialAction\":[{\"@type\":\"SearchAction\",\"target\":{\"@type\":\"EntryPoint\",\"urlTemplate\":\"https:\/\/kusmitea.re\/?s={search_term_string}\"},\"query-input\":{\"@type\":\"PropertyValueSpecification\",\"valueRequired\":true,\"valueName\":\"search_term_string\"}}],\"inLanguage\":\"fr-FR\"},{\"@type\":\"Organization\",\"@id\":\"https:\/\/kusmitea.re\/#organization\",\"name\":\"Kusmi Tea R\u00e9union\",\"url\":\"https:\/\/kusmitea.re\/\",\"logo\":{\"@type\":\"ImageObject\",\"inLanguage\":\"fr-FR\",\"@id\":\"https:\/\/kusmitea.re\/#\/schema\/logo\/image\/\",\"url\":\"https:\/\/kusmitea.re\/wp-content\/uploads\/2023\/05\/cropped-logo.webp\",\"contentUrl\":\"https:\/\/kusmitea.re\/wp-content\/uploads\/2023\/05\/cropped-logo.webp\",\"width\":469,\"height\":141,\"caption\":\"Kusmi Tea R\u00e9union\"},\"image\":{\"@id\":\"https:\/\/kusmitea.re\/#\/schema\/logo\/image\/\"},\"sameAs\":[\"https:\/\/www.facebook.com\/p\/Kusmi-Tea-Runion-61571670075100\/\",\"https:\/\/www.instagram.com\/kusmiteare\/\"]}]}<\/script>\n<!-- \/ Yoast SEO plugin. -->","yoast_head_json":{"title":"Th\u00e9 blanc Alain Ducasse - Kusmi Tea R\u00e9union","robots":{"index":"index","follow":"follow","max-snippet":"max-snippet:-1","max-image-preview":"max-image-preview:large","max-video-preview":"max-video-preview:-1"},"canonical":"https:\/\/kusmitea.re\/index.php\/product\/the-blanc-alain-ducasse\/","og_locale":"fr_FR","og_type":"article","og_title":"Th\u00e9 blanc Alain Ducasse - Kusmi Tea R\u00e9union","og_description":"Une recette raffin\u00e9e de th\u00e9 blanc de qualit\u00e9 sublim\u00e9 par des notes subtiles de rose et de framboise A l\u2019occasion de ses 150 ans, Kusmi Tea s\u2019associe \u00e0 Alain Ducasse pour la cr\u00e9ation de son premier th\u00e9 blanc. Les bourgeons et les premi\u00e8res feuilles de th\u00e9 sont cueillis \u00e0 la main au printemps afin d\u2019obtenir [&hellip;]","og_url":"https:\/\/kusmitea.re\/index.php\/product\/the-blanc-alain-ducasse\/","og_site_name":"Kusmi Tea R\u00e9union","article_publisher":"https:\/\/www.facebook.com\/p\/Kusmi-Tea-Runion-61571670075100\/","article_modified_time":"2025-09-22T09:14:02+00:00","og_image":[{"width":1080,"height":1080,"url":"https:\/\/kusmitea.re\/wp-content\/uploads\/2025\/08\/BROF_120G_THE_DUCASSE_METAL.png","type":"image\/png"}],"twitter_card":"summary_large_image","twitter_misc":{"Dur\u00e9e de lecture estim\u00e9e":"3 minutes"},"schema":{"@context":"https:\/\/schema.org","@graph":[{"@type":"WebPage","@id":"https:\/\/kusmitea.re\/index.php\/product\/the-blanc-alain-ducasse\/","url":"https:\/\/kusmitea.re\/index.php\/product\/the-blanc-alain-ducasse\/","name":"Th\u00e9 blanc Alain Ducasse - Kusmi Tea R\u00e9union","isPartOf":{"@id":"https:\/\/kusmitea.re\/#website"},"primaryImageOfPage":{"@id":"https:\/\/kusmitea.re\/index.php\/product\/the-blanc-alain-ducasse\/#primaryimage"},"image":{"@id":"https:\/\/kusmitea.re\/index.php\/product\/the-blanc-alain-ducasse\/#primaryimage"},"thumbnailUrl":"https:\/\/kusmitea.re\/wp-content\/uploads\/2025\/08\/BROF_120G_THE_DUCASSE_METAL.png","datePublished":"2025-08-30T04:43:20+00:00","dateModified":"2025-09-22T09:14:02+00:00","breadcrumb":{"@id":"https:\/\/kusmitea.re\/index.php\/product\/the-blanc-alain-ducasse\/#breadcrumb"},"inLanguage":"fr-FR","potentialAction":[{"@type":"ReadAction","target":["https:\/\/kusmitea.re\/index.php\/product\/the-blanc-alain-ducasse\/"]}]},{"@type":"ImageObject","inLanguage":"fr-FR","@id":"https:\/\/kusmitea.re\/index.php\/product\/the-blanc-alain-ducasse\/#primaryimage","url":"https:\/\/kusmitea.re\/wp-content\/uploads\/2025\/08\/BROF_120G_THE_DUCASSE_METAL.png","contentUrl":"https:\/\/kusmitea.re\/wp-content\/uploads\/2025\/08\/BROF_120G_THE_DUCASSE_METAL.png","width":1080,"height":1080},{"@type":"BreadcrumbList","@id":"https:\/\/kusmitea.re\/index.php\/product\/the-blanc-alain-ducasse\/#breadcrumb","itemListElement":[{"@type":"ListItem","position":1,"name":"Accueil","item":"https:\/\/kusmitea.re\/"},{"@type":"ListItem","position":2,"name":"Boutique","item":"https:\/\/kusmitea.re\/index.php\/shop\/"},{"@type":"ListItem","position":3,"name":"Th\u00e9 blanc Alain Ducasse"}]},{"@type":"WebSite","@id":"https:\/\/kusmitea.re\/#website","url":"https:\/\/kusmitea.re\/","name":"Kusmi Tea R\u00e9union","description":"","publisher":{"@id":"https:\/\/kusmitea.re\/#organization"},"potentialAction":[{"@type":"SearchAction","target":{"@type":"EntryPoint","urlTemplate":"https:\/\/kusmitea.re\/?s={search_term_string}"},"query-input":{"@type":"PropertyValueSpecification","valueRequired":true,"valueName":"search_term_string"}}],"inLanguage":"fr-FR"},{"@type":"Organization","@id":"https:\/\/kusmitea.re\/#organization","name":"Kusmi Tea R\u00e9union","url":"https:\/\/kusmitea.re\/","logo":{"@type":"ImageObject","inLanguage":"fr-FR","@id":"https:\/\/kusmitea.re\/#\/schema\/logo\/image\/","url":"https:\/\/kusmitea.re\/wp-content\/uploads\/2023\/05\/cropped-logo.webp","contentUrl":"https:\/\/kusmitea.re\/wp-content\/uploads\/2023\/05\/cropped-logo.webp","width":469,"height":141,"caption":"Kusmi Tea R\u00e9union"},"image":{"@id":"https:\/\/kusmitea.re\/#\/schema\/logo\/image\/"},"sameAs":["https:\/\/www.facebook.com\/p\/Kusmi-Tea-Runion-61571670075100\/","https:\/\/www.instagram.com\/kusmiteare\/"]}]}},"jetpack_sharing_enabled":true,"_links":{"self":[{"href":"https:\/\/kusmitea.re\/index.php\/wp-json\/wp\/v2\/product\/6254","targetHints":{"allow":["GET"]}}],"collection":[{"href":"https:\/\/kusmitea.re\/index.php\/wp-json\/wp\/v2\/product"}],"about":[{"href":"https:\/\/kusmitea.re\/index.php\/wp-json\/wp\/v2\/types\/product"}],"replies":[{"embeddable":true,"href":"https:\/\/kusmitea.re\/index.php\/wp-json\/wp\/v2\/comments?post=6254"}],"version-history":[{"count":3,"href":"https:\/\/kusmitea.re\/index.php\/wp-json\/wp\/v2\/product\/6254\/revisions"}],"predecessor-version":[{"id":12399,"href":"https:\/\/kusmitea.re\/index.php\/wp-json\/wp\/v2\/product\/6254\/revisions\/12399"}],"wp:featuredmedia":[{"embeddable":true,"href":"https:\/\/kusmitea.re\/index.php\/wp-json\/wp\/v2\/media\/6305"}],"wp:attachment":[{"href":"https:\/\/kusmitea.re\/index.php\/wp-json\/wp\/v2\/media?parent=6254"}],"wp:term":[{"taxonomy":"product_cat","embeddable":true,"href":"https:\/\/kusmitea.re\/index.php\/wp-json\/wp\/v2\/product_cat?post=6254"},{"taxonomy":"product_tag","embeddable":true,"href":"https:\/\/kusmitea.re\/index.php\/wp-json\/wp\/v2\/product_tag?post=6254"}],"curies":[{"name":"wp","href":"https:\/\/api.w.org\/{rel}","templated":true}]}}