{"id":6249,"date":"2025-08-30T06:42:54","date_gmt":"2025-08-30T04:42:54","guid":{"rendered":"https:\/\/kusmitea.re\/?post_type=product&#038;p=6249"},"modified":"2026-02-19T05:17:21","modified_gmt":"2026-02-19T04:17:21","slug":"tchai-of-the-tiger-bio","status":"publish","type":"product","link":"https:\/\/kusmitea.re\/index.php\/product\/tchai-of-the-tiger-bio\/","title":{"rendered":"Tcha\u00ef of the Tiger &#8211; Th\u00e9 noir bio aux \u00e9pices"},"content":{"rendered":"\t\t<div data-elementor-type=\"wp-post\" data-elementor-id=\"6249\" class=\"elementor elementor-6249\">\n\t\t\t\t<div class=\"elementor-element elementor-element-759554be e-flex e-con-boxed e-con e-parent\" data-id=\"759554be\" data-element_type=\"container\">\n\t\t\t\t\t<div class=\"e-con-inner\">\n\t\t\t\t<div class=\"elementor-element elementor-element-f69f212 elementor-widget elementor-widget-text-editor\" data-id=\"f69f212\" data-element_type=\"widget\" data-widget_type=\"text-editor.default\">\n\t\t\t\t\t\t\t\t\t<p style=\"text-align: justify;\">Tcha\u00ef of the Tiger, la nouvelle recette bio de Kusmi Tea en partenariat avec le WWF.<\/p><p style=\"text-align: justify;\">En collaboration avec le WWF, Kusmi Tea pr\u00e9sente Tcha\u00ef of the Tiger, un m\u00e9lange bio puissant et \u00e9pic\u00e9 qui contribue \u00e0 la protection des tigres, une esp\u00e8ce en danger d\u2019extinction et embl\u00e9matique des r\u00e9gions productrices de th\u00e9.<\/p><p style=\"text-align: justify;\">A l\u2019image du cha\u00ef, boisson traditionnelle de l&rsquo;Inde, Tcha\u00ef of the Tiger m\u00eale divinement th\u00e9 noir et \u00e9pices parfum\u00e9es. La recette s\u2019appuie sur un cru provenant de Thiashola, un jardin de th\u00e9 bio et \u00e9thique renomm\u00e9, situ\u00e9 au sud-ouest de l&rsquo;Inde dans la r\u00e9gion du Nilgiri qui abrite des tigres prot\u00e9g\u00e9s par le WWF. Ce th\u00e9 noir prend toute sa puissance gr\u00e2ce \u00e0 une association d&rsquo;\u00e9pices, bio elles aussi : gingembre, cardamome, cannelle, poivres noir et rose apportent au m\u00e9lange un \u00e9tonnant \u00e9quilibre entre force et douceur, inspir\u00e9 de l&rsquo;envo\u00fbtant f\u00e9lin qu\u2019il prot\u00e8ge.<\/p><p>Pour acc\u00e9l\u00e9rer la protection des tigres sauvages dans le monde, Kusmi Tea reversera 1\u20ac au WWF pour chaque bo\u00eete de Tcha\u00ef of the Tiger vendue.<\/p><p style=\"text-align: justify;\">Disponible en bo\u00eete de 100g.<\/p><p style=\"text-align: center;\"><em><strong>Ingr\u00e9dients<\/strong><\/em><\/p><p style=\"text-align: justify;\">Th\u00e9 noir d\u2019Inde* (32 %), gingembre*, cardamome*, cannelle*, poivre noir*, r\u00e9glisse*, chicor\u00e9e*, poivre rose*, ar\u00f4me naturel de gingembre, ar\u00f4me naturel de cannelle.<\/p><p>Contient de la r\u00e9glisse &#8211; les personnes souffrant d&rsquo;hypertension doivent \u00e9viter toute consommation excessive.<\/p><p style=\"text-align: left;\">*Produits issus de l&rsquo;agriculture biologique.<\/p><p style=\"text-align: center; flex-grow: 1; margin-bottom: 20px;\"><img decoding=\"async\" class=\"aligncenter\" src=\"http:\/\/kusmitea.re\/wp-content\/uploads\/2021\/02\/T\u00b0.png\" alt=\"\" width=\"30\" height=\"30\" \/> <strong>90\u00b0C<\/strong><\/p><p style=\"text-align: center; flex-grow: 1; margin-bottom: 20px;\"><img decoding=\"async\" class=\"aligncenter\" src=\"http:\/\/kusmitea.re\/wp-content\/uploads\/2021\/02\/timer-300x300.png\" alt=\"\" width=\"30\" height=\"30\" \/> <strong>5 min<\/strong><\/p>\t\t\t\t\t\t\t\t<\/div>\n\t\t\t\t\t<\/div>\n\t\t\t\t<\/div>\n\t\t\t\t<\/div>\n\t\t","protected":false},"excerpt":{"rendered":"<p><img decoding=\"async\" class=\"alignleft wp-image-3887\" src=\"https:\/\/kusmitea.re\/wp-content\/uploads\/2020\/05\/Bio.jpg\" alt=\"\" width=\"40\" height=\"40\" \/><\/p>\n","protected":false},"featured_media":6304,"comment_status":"open","ping_status":"closed","template":"","meta":[],"product_cat":[67],"product_tag":[68],"class_list":{"0":"post-6249","1":"product","2":"type-product","3":"status-publish","4":"has-post-thumbnail","6":"product_cat-thes-noirs","7":"product_tag-the-noir","9":"first","10":"instock","11":"shipping-taxable","12":"purchasable","13":"product-type-variable"},"yoast_head":"<!-- This site is optimized with the Yoast SEO plugin v26.6 - https:\/\/yoast.com\/wordpress\/plugins\/seo\/ -->\n<title>Tcha\u00ef of the Tiger - Th\u00e9 noir bio aux \u00e9pices - Kusmi Tea R\u00e9union<\/title>\n<meta name=\"description\" content=\"Tcha\u00ef of the Tiger bio Kusmi Tea : go\u00fbtez ce th\u00e9 noir d&#039;Inde aux \u00e9pices (cannelle, gingembre, poivre). Disponible en boite de 100g. Bonne d\u00e9gustation !\" \/>\n<meta name=\"robots\" content=\"index, follow, max-snippet:-1, max-image-preview:large, max-video-preview:-1\" \/>\n<link rel=\"canonical\" href=\"https:\/\/kusmitea.re\/index.php\/product\/tchai-of-the-tiger-bio\/\" \/>\n<meta property=\"og:locale\" content=\"fr_FR\" \/>\n<meta property=\"og:type\" content=\"article\" \/>\n<meta property=\"og:title\" content=\"Tcha\u00ef of the Tiger - Th\u00e9 noir bio aux \u00e9pices - Kusmi Tea R\u00e9union\" \/>\n<meta property=\"og:description\" content=\"Tcha\u00ef of the Tiger bio Kusmi Tea : go\u00fbtez ce th\u00e9 noir d&#039;Inde aux \u00e9pices (cannelle, gingembre, poivre). Disponible en boite de 100g. Bonne d\u00e9gustation !\" \/>\n<meta property=\"og:url\" content=\"https:\/\/kusmitea.re\/index.php\/product\/tchai-of-the-tiger-bio\/\" \/>\n<meta property=\"og:site_name\" content=\"Kusmi Tea R\u00e9union\" \/>\n<meta property=\"article:publisher\" content=\"https:\/\/www.facebook.com\/p\/Kusmi-Tea-Runion-61571670075100\/\" \/>\n<meta property=\"article:modified_time\" content=\"2026-02-19T04:17:21+00:00\" \/>\n<meta property=\"og:image\" content=\"https:\/\/kusmitea.re\/wp-content\/uploads\/2025\/08\/TIGR100BIO_FR.jpg\" \/>\n\t<meta property=\"og:image:width\" content=\"1309\" \/>\n\t<meta property=\"og:image:height\" content=\"1080\" \/>\n\t<meta property=\"og:image:type\" content=\"image\/jpeg\" \/>\n<meta name=\"twitter:card\" content=\"summary_large_image\" \/>\n<meta name=\"twitter:label1\" content=\"Dur\u00e9e de lecture estim\u00e9e\" \/>\n\t<meta name=\"twitter:data1\" content=\"2 minutes\" \/>\n<script type=\"application\/ld+json\" class=\"yoast-schema-graph\">{\"@context\":\"https:\/\/schema.org\",\"@graph\":[{\"@type\":\"WebPage\",\"@id\":\"https:\/\/kusmitea.re\/index.php\/product\/tchai-of-the-tiger-bio\/\",\"url\":\"https:\/\/kusmitea.re\/index.php\/product\/tchai-of-the-tiger-bio\/\",\"name\":\"Tcha\u00ef of the Tiger - Th\u00e9 noir bio aux \u00e9pices - Kusmi Tea R\u00e9union\",\"isPartOf\":{\"@id\":\"https:\/\/kusmitea.re\/#website\"},\"primaryImageOfPage\":{\"@id\":\"https:\/\/kusmitea.re\/index.php\/product\/tchai-of-the-tiger-bio\/#primaryimage\"},\"image\":{\"@id\":\"https:\/\/kusmitea.re\/index.php\/product\/tchai-of-the-tiger-bio\/#primaryimage\"},\"thumbnailUrl\":\"https:\/\/kusmitea.re\/wp-content\/uploads\/2025\/08\/TIGR100BIO_FR.jpg\",\"datePublished\":\"2025-08-30T04:42:54+00:00\",\"dateModified\":\"2026-02-19T04:17:21+00:00\",\"description\":\"Tcha\u00ef of the Tiger bio Kusmi Tea : go\u00fbtez ce th\u00e9 noir d'Inde aux \u00e9pices (cannelle, gingembre, poivre). Disponible en boite de 100g. Bonne d\u00e9gustation !\",\"breadcrumb\":{\"@id\":\"https:\/\/kusmitea.re\/index.php\/product\/tchai-of-the-tiger-bio\/#breadcrumb\"},\"inLanguage\":\"fr-FR\",\"potentialAction\":[{\"@type\":\"ReadAction\",\"target\":[\"https:\/\/kusmitea.re\/index.php\/product\/tchai-of-the-tiger-bio\/\"]}]},{\"@type\":\"ImageObject\",\"inLanguage\":\"fr-FR\",\"@id\":\"https:\/\/kusmitea.re\/index.php\/product\/tchai-of-the-tiger-bio\/#primaryimage\",\"url\":\"https:\/\/kusmitea.re\/wp-content\/uploads\/2025\/08\/TIGR100BIO_FR.jpg\",\"contentUrl\":\"https:\/\/kusmitea.re\/wp-content\/uploads\/2025\/08\/TIGR100BIO_FR.jpg\",\"width\":1309,\"height\":1080},{\"@type\":\"BreadcrumbList\",\"@id\":\"https:\/\/kusmitea.re\/index.php\/product\/tchai-of-the-tiger-bio\/#breadcrumb\",\"itemListElement\":[{\"@type\":\"ListItem\",\"position\":1,\"name\":\"Accueil\",\"item\":\"https:\/\/kusmitea.re\/\"},{\"@type\":\"ListItem\",\"position\":2,\"name\":\"Boutique\",\"item\":\"https:\/\/kusmitea.re\/index.php\/shop\/\"},{\"@type\":\"ListItem\",\"position\":3,\"name\":\"Tcha\u00ef of the Tiger &#8211; Th\u00e9 noir bio aux \u00e9pices\"}]},{\"@type\":\"WebSite\",\"@id\":\"https:\/\/kusmitea.re\/#website\",\"url\":\"https:\/\/kusmitea.re\/\",\"name\":\"Kusmi Tea R\u00e9union\",\"description\":\"\",\"publisher\":{\"@id\":\"https:\/\/kusmitea.re\/#organization\"},\"potentialAction\":[{\"@type\":\"SearchAction\",\"target\":{\"@type\":\"EntryPoint\",\"urlTemplate\":\"https:\/\/kusmitea.re\/?s={search_term_string}\"},\"query-input\":{\"@type\":\"PropertyValueSpecification\",\"valueRequired\":true,\"valueName\":\"search_term_string\"}}],\"inLanguage\":\"fr-FR\"},{\"@type\":\"Organization\",\"@id\":\"https:\/\/kusmitea.re\/#organization\",\"name\":\"Kusmi Tea R\u00e9union\",\"url\":\"https:\/\/kusmitea.re\/\",\"logo\":{\"@type\":\"ImageObject\",\"inLanguage\":\"fr-FR\",\"@id\":\"https:\/\/kusmitea.re\/#\/schema\/logo\/image\/\",\"url\":\"https:\/\/kusmitea.re\/wp-content\/uploads\/2023\/05\/cropped-logo.webp\",\"contentUrl\":\"https:\/\/kusmitea.re\/wp-content\/uploads\/2023\/05\/cropped-logo.webp\",\"width\":469,\"height\":141,\"caption\":\"Kusmi Tea R\u00e9union\"},\"image\":{\"@id\":\"https:\/\/kusmitea.re\/#\/schema\/logo\/image\/\"},\"sameAs\":[\"https:\/\/www.facebook.com\/p\/Kusmi-Tea-Runion-61571670075100\/\",\"https:\/\/www.instagram.com\/kusmiteare\/\"]}]}<\/script>\n<!-- \/ Yoast SEO plugin. -->","yoast_head_json":{"title":"Tcha\u00ef of the Tiger - Th\u00e9 noir bio aux \u00e9pices - Kusmi Tea R\u00e9union","description":"Tcha\u00ef of the Tiger bio Kusmi Tea : go\u00fbtez ce th\u00e9 noir d'Inde aux \u00e9pices (cannelle, gingembre, poivre). Disponible en boite de 100g. Bonne d\u00e9gustation !","robots":{"index":"index","follow":"follow","max-snippet":"max-snippet:-1","max-image-preview":"max-image-preview:large","max-video-preview":"max-video-preview:-1"},"canonical":"https:\/\/kusmitea.re\/index.php\/product\/tchai-of-the-tiger-bio\/","og_locale":"fr_FR","og_type":"article","og_title":"Tcha\u00ef of the Tiger - Th\u00e9 noir bio aux \u00e9pices - Kusmi Tea R\u00e9union","og_description":"Tcha\u00ef of the Tiger bio Kusmi Tea : go\u00fbtez ce th\u00e9 noir d'Inde aux \u00e9pices (cannelle, gingembre, poivre). Disponible en boite de 100g. Bonne d\u00e9gustation !","og_url":"https:\/\/kusmitea.re\/index.php\/product\/tchai-of-the-tiger-bio\/","og_site_name":"Kusmi Tea R\u00e9union","article_publisher":"https:\/\/www.facebook.com\/p\/Kusmi-Tea-Runion-61571670075100\/","article_modified_time":"2026-02-19T04:17:21+00:00","og_image":[{"width":1309,"height":1080,"url":"https:\/\/kusmitea.re\/wp-content\/uploads\/2025\/08\/TIGR100BIO_FR.jpg","type":"image\/jpeg"}],"twitter_card":"summary_large_image","twitter_misc":{"Dur\u00e9e de lecture estim\u00e9e":"2 minutes"},"schema":{"@context":"https:\/\/schema.org","@graph":[{"@type":"WebPage","@id":"https:\/\/kusmitea.re\/index.php\/product\/tchai-of-the-tiger-bio\/","url":"https:\/\/kusmitea.re\/index.php\/product\/tchai-of-the-tiger-bio\/","name":"Tcha\u00ef of the Tiger - Th\u00e9 noir bio aux \u00e9pices - Kusmi Tea R\u00e9union","isPartOf":{"@id":"https:\/\/kusmitea.re\/#website"},"primaryImageOfPage":{"@id":"https:\/\/kusmitea.re\/index.php\/product\/tchai-of-the-tiger-bio\/#primaryimage"},"image":{"@id":"https:\/\/kusmitea.re\/index.php\/product\/tchai-of-the-tiger-bio\/#primaryimage"},"thumbnailUrl":"https:\/\/kusmitea.re\/wp-content\/uploads\/2025\/08\/TIGR100BIO_FR.jpg","datePublished":"2025-08-30T04:42:54+00:00","dateModified":"2026-02-19T04:17:21+00:00","description":"Tcha\u00ef of the Tiger bio Kusmi Tea : go\u00fbtez ce th\u00e9 noir d'Inde aux \u00e9pices (cannelle, gingembre, poivre). Disponible en boite de 100g. Bonne d\u00e9gustation !","breadcrumb":{"@id":"https:\/\/kusmitea.re\/index.php\/product\/tchai-of-the-tiger-bio\/#breadcrumb"},"inLanguage":"fr-FR","potentialAction":[{"@type":"ReadAction","target":["https:\/\/kusmitea.re\/index.php\/product\/tchai-of-the-tiger-bio\/"]}]},{"@type":"ImageObject","inLanguage":"fr-FR","@id":"https:\/\/kusmitea.re\/index.php\/product\/tchai-of-the-tiger-bio\/#primaryimage","url":"https:\/\/kusmitea.re\/wp-content\/uploads\/2025\/08\/TIGR100BIO_FR.jpg","contentUrl":"https:\/\/kusmitea.re\/wp-content\/uploads\/2025\/08\/TIGR100BIO_FR.jpg","width":1309,"height":1080},{"@type":"BreadcrumbList","@id":"https:\/\/kusmitea.re\/index.php\/product\/tchai-of-the-tiger-bio\/#breadcrumb","itemListElement":[{"@type":"ListItem","position":1,"name":"Accueil","item":"https:\/\/kusmitea.re\/"},{"@type":"ListItem","position":2,"name":"Boutique","item":"https:\/\/kusmitea.re\/index.php\/shop\/"},{"@type":"ListItem","position":3,"name":"Tcha\u00ef of the Tiger &#8211; Th\u00e9 noir bio aux \u00e9pices"}]},{"@type":"WebSite","@id":"https:\/\/kusmitea.re\/#website","url":"https:\/\/kusmitea.re\/","name":"Kusmi Tea R\u00e9union","description":"","publisher":{"@id":"https:\/\/kusmitea.re\/#organization"},"potentialAction":[{"@type":"SearchAction","target":{"@type":"EntryPoint","urlTemplate":"https:\/\/kusmitea.re\/?s={search_term_string}"},"query-input":{"@type":"PropertyValueSpecification","valueRequired":true,"valueName":"search_term_string"}}],"inLanguage":"fr-FR"},{"@type":"Organization","@id":"https:\/\/kusmitea.re\/#organization","name":"Kusmi Tea R\u00e9union","url":"https:\/\/kusmitea.re\/","logo":{"@type":"ImageObject","inLanguage":"fr-FR","@id":"https:\/\/kusmitea.re\/#\/schema\/logo\/image\/","url":"https:\/\/kusmitea.re\/wp-content\/uploads\/2023\/05\/cropped-logo.webp","contentUrl":"https:\/\/kusmitea.re\/wp-content\/uploads\/2023\/05\/cropped-logo.webp","width":469,"height":141,"caption":"Kusmi Tea R\u00e9union"},"image":{"@id":"https:\/\/kusmitea.re\/#\/schema\/logo\/image\/"},"sameAs":["https:\/\/www.facebook.com\/p\/Kusmi-Tea-Runion-61571670075100\/","https:\/\/www.instagram.com\/kusmiteare\/"]}]}},"jetpack_sharing_enabled":true,"_links":{"self":[{"href":"https:\/\/kusmitea.re\/index.php\/wp-json\/wp\/v2\/product\/6249","targetHints":{"allow":["GET"]}}],"collection":[{"href":"https:\/\/kusmitea.re\/index.php\/wp-json\/wp\/v2\/product"}],"about":[{"href":"https:\/\/kusmitea.re\/index.php\/wp-json\/wp\/v2\/types\/product"}],"replies":[{"embeddable":true,"href":"https:\/\/kusmitea.re\/index.php\/wp-json\/wp\/v2\/comments?post=6249"}],"version-history":[{"count":5,"href":"https:\/\/kusmitea.re\/index.php\/wp-json\/wp\/v2\/product\/6249\/revisions"}],"predecessor-version":[{"id":12941,"href":"https:\/\/kusmitea.re\/index.php\/wp-json\/wp\/v2\/product\/6249\/revisions\/12941"}],"wp:featuredmedia":[{"embeddable":true,"href":"https:\/\/kusmitea.re\/index.php\/wp-json\/wp\/v2\/media\/6304"}],"wp:attachment":[{"href":"https:\/\/kusmitea.re\/index.php\/wp-json\/wp\/v2\/media?parent=6249"}],"wp:term":[{"taxonomy":"product_cat","embeddable":true,"href":"https:\/\/kusmitea.re\/index.php\/wp-json\/wp\/v2\/product_cat?post=6249"},{"taxonomy":"product_tag","embeddable":true,"href":"https:\/\/kusmitea.re\/index.php\/wp-json\/wp\/v2\/product_tag?post=6249"}],"curies":[{"name":"wp","href":"https:\/\/api.w.org\/{rel}","templated":true}]}}