{"id":12916,"date":"2026-01-02T04:19:41","date_gmt":"2026-01-02T03:19:41","guid":{"rendered":"https:\/\/kusmitea.re\/?post_type=product&#038;p=12916"},"modified":"2026-03-17T10:45:17","modified_gmt":"2026-03-17T09:45:17","slug":"lovely-morning-bio-2","status":"publish","type":"product","link":"https:\/\/kusmitea.re\/index.php\/product\/lovely-morning-bio-2\/","title":{"rendered":"Lovely Morning Bio &#8211; Th\u00e9 vert agrumes"},"content":{"rendered":"\t\t<div data-elementor-type=\"wp-post\" data-elementor-id=\"12916\" class=\"elementor elementor-12916\">\n\t\t\t\t<div class=\"elementor-element elementor-element-46e43e57 e-flex e-con-boxed e-con e-parent\" data-id=\"46e43e57\" data-element_type=\"container\">\n\t\t\t\t\t<div class=\"e-con-inner\">\n\t\t\t\t<div class=\"elementor-element elementor-element-1d29e57a elementor-widget elementor-widget-text-editor\" data-id=\"1d29e57a\" data-element_type=\"widget\" data-widget_type=\"text-editor.default\">\n\t\t\t\t\t\t\t\t\t<div class=\"col-xs-12 col-md-7\"><div class=\"description-and-detail\"><div class=\"row details collapsible-xs\"><div class=\"m-pdp__details details\"><h2 class=\"c-section-divider\">M\u00e9lange de th\u00e9, plantes et agrumes aromatis\u00e9<\/h2><div class=\"col-xs-12 value content c-read-more c-read-more--inline m-pdp__expandable-section\" data-initialized=\"true\" data-expanded=\"true\"><p class=\"m-pdp__lead-paragraph\">Lovely Morning bio, quelle meilleure raison de se lever ?<\/p><div>Il y a ceux qui sautent du lit et ceux qui pr\u00e9f\u00e8rent les r\u00e9veils en douceur, et \u00e7a ne les emp\u00eache pas pour autant d\u2019\u00eatre \u00e0 l\u2019heure !<\/div><div>Lovely Morning bio est l\u2019alli\u00e9 id\u00e9al des matins qui d\u00e9marrent bien. Sa base naturellement \u00e9quilibr\u00e9e m\u00ealant th\u00e9 vert, mat\u00e9 et guarana est dynamis\u00e9e par un d\u00e9licieux trio pamplemousse-citron-orange.<\/div><div>Plus besoin de vous presser, les agrumes sont d\u00e9j\u00e0 pr\u00eats ! Alors prenez le temps de profiter pleinement de votre petit-d\u00e9jeuner en compagnie de Lovely Morning !<\/div><div>\u00a0<\/div><div>C\u2019est s\u00fbr, vous allez aimer tous les petits-d\u00e9j en semaine autant que les brunchs du week-end.<\/div><div>\u00a0<\/div><div>Th\u00e9 bio aussi disponible en vrac parce que c\u2019est bon pour la plan\u00e8te, ou en sachets pour vous suivre partout.<\/div><div>\u00a0<\/div><h2 class=\"c-section-divider\">L&rsquo;info qu&rsquo;il vous faut<\/h2><p class=\"m-pdp__did-you-know\">On ne compte plus les fans de mat\u00e9 ! De son vrai nom yerba mat\u00e9 \u2013 le mot mat\u00e9 d\u00e9signe plut\u00f4t la calebasse dans laquelle il est consomm\u00e9 \u2013, cette plante est issue d\u2019un arbre de la famille du houx qui ne pousse qu\u2019en Am\u00e9rique du Sud. Les Argentins, par exemple, boivent du mat\u00e9 \u00e0 longueur de journ\u00e9e selon un rituel immuable : on d\u00e9pose la yerba mat\u00e9 dans le mat\u00e9, on ajoute du sucre, du miel ou des \u00e9pices, on cr\u00e9e un puits dans lequel on ins\u00e8re une bombilla \u2013 petit cylindre servant \u00e0 la fois de paille et de filtre -, on verse l\u2019eau chaude, on laisse infuser et on d\u00e9guste ! De pr\u00e9f\u00e9rence en partageant.<\/p><\/div><\/div><\/div><\/div><\/div><div class=\"m-pdp__floating-image-wrapper col-xs-12 col-md center-xs\">\u00a0<\/div><div class=\"col-xs-12 col-md-7\"><div class=\"m-pdp__details description col-xs-12 value content\"><h3 class=\"c-section-divider\">Ingr\u00e9dients<\/h3><div class=\"c-read-more c-read-more--inline m-pdp__expandable-section\"><span class=\"c-read-more__content\">Th\u00e9 vert* (59%), mat\u00e9*, agrumes* (orange, citron, pamplemousse) (8%), guarana*, fleurs de souci*, ar\u00f4mes naturels d\u2019agrumes (4%) <\/span><\/div><div>\u00a0<\/div><div class=\"c-read-more c-read-more--inline m-pdp__expandable-section\"><span class=\"c-read-more__content\">*Produits issus de l&rsquo;agriculture biologique<\/span><\/div><\/div><div class=\"m-pdp__informative-icons ms-row center-xs\"><div class=\"col-xs-6 col-md-4 text--center\" style=\"text-align: center;\"><img decoding=\"async\" class=\"svg-icon icon-time-compass aligncenter\" src=\"https:\/\/www.kusmitea.com\/on\/demandware.static\/Sites-Kusmi_FR-Site\/-\/default\/dw52aeca38\/images\/svg\/icon-time-compass.svg\" alt=\"Temps d'infusion\" width=\"45\" height=\"50\" \/><span class=\"m-pdp__informative-title color--dark-grey\" style=\"text-align: center;\">Temps d&rsquo;infusion <\/span><span class=\"m-pdp__informative-value color--dark-grey font--lato-bold\">3-4&prime;<\/span><\/div><div class=\"col-xs-6 col-md-4 text--center\" style=\"text-align: center;\"><img decoding=\"async\" class=\"svg-icon icon-temp aligncenter\" src=\"https:\/\/www.kusmitea.com\/on\/demandware.static\/Sites-Kusmi_FR-Site\/-\/default\/dwca82a8f2\/images\/svg\/icon-temp.svg\" alt=\"Temp\u00e9rature d'infusion\" width=\"45\" height=\"45\" \/><span class=\"m-pdp__informative-title color--dark-grey\">Temp\u00e9rature d&rsquo;infusion <\/span><span class=\"m-pdp__informative-value color--dark-grey font--lato-bold\">85 \u00b0C<\/span><\/div><\/div><\/div>\t\t\t\t\t\t\t\t<\/div>\n\t\t\t\t\t<\/div>\n\t\t\t\t<\/div>\n\t\t\t\t<\/div>\n\t\t","protected":false},"excerpt":{"rendered":"<p><img decoding=\"async\" class=\"alignleft wp-image-3887\" src=\"https:\/\/kusmitea.re\/wp-content\/uploads\/2020\/05\/Bio.jpg\" alt=\"\" width=\"40\" height=\"40\" \/><\/p>\n","protected":false},"featured_media":12920,"comment_status":"open","ping_status":"closed","template":"","meta":[],"product_cat":[324,62,64],"product_tag":[61],"class_list":{"0":"post-12916","1":"product","2":"type-product","3":"status-publish","4":"has-post-thumbnail","6":"product_cat-agrumes","7":"product_cat-bien-etre","8":"product_cat-thes-verts","9":"product_tag-eau-de-fruits-tisane","11":"first","12":"instock","13":"shipping-taxable","14":"purchasable","15":"product-type-variable"},"yoast_head":"<!-- This site is optimized with the Yoast SEO plugin v26.6 - https:\/\/yoast.com\/wordpress\/plugins\/seo\/ -->\n<title>Lovely Morning Bio - Th\u00e9 vert agrumes - Kusmi Tea R\u00e9union<\/title>\n<meta name=\"description\" content=\"Lovely Morning bio Kusmi Tea R\u00e9union : go\u00fbtez ce m\u00e9lange de th\u00e9 vert, mat\u00e9 et agrumes (orange, citron, pamplemousse, guarana). Bonne d\u00e9gustation !\" \/>\n<meta name=\"robots\" content=\"index, follow, max-snippet:-1, max-image-preview:large, max-video-preview:-1\" \/>\n<link rel=\"canonical\" href=\"https:\/\/kusmitea.re\/index.php\/product\/lovely-morning-bio-2\/\" \/>\n<meta property=\"og:locale\" content=\"fr_FR\" \/>\n<meta property=\"og:type\" content=\"article\" \/>\n<meta property=\"og:title\" content=\"Lovely Morning Bio - Th\u00e9 vert agrumes - Kusmi Tea R\u00e9union\" \/>\n<meta property=\"og:description\" content=\"Lovely Morning bio Kusmi Tea R\u00e9union : go\u00fbtez ce m\u00e9lange de th\u00e9 vert, mat\u00e9 et agrumes (orange, citron, pamplemousse, guarana). Bonne d\u00e9gustation !\" \/>\n<meta property=\"og:url\" content=\"https:\/\/kusmitea.re\/index.php\/product\/lovely-morning-bio-2\/\" \/>\n<meta property=\"og:site_name\" content=\"Kusmi Tea R\u00e9union\" \/>\n<meta property=\"article:publisher\" content=\"https:\/\/www.facebook.com\/p\/Kusmi-Tea-Runion-61571670075100\/\" \/>\n<meta property=\"article:modified_time\" content=\"2026-03-17T09:45:17+00:00\" \/>\n<meta property=\"og:image\" content=\"https:\/\/kusmitea.re\/wp-content\/uploads\/2026\/01\/7ccb7b074b01c576ca6f17d0f3f0c8d3f4cb7a12_7bd4d48d88ec538319cc596896b1e2607e374883_21684A1070.webp\" \/>\n\t<meta property=\"og:image:width\" content=\"1600\" \/>\n\t<meta property=\"og:image:height\" content=\"1223\" \/>\n\t<meta property=\"og:image:type\" content=\"image\/webp\" \/>\n<meta name=\"twitter:card\" content=\"summary_large_image\" \/>\n<meta name=\"twitter:label1\" content=\"Dur\u00e9e de lecture estim\u00e9e\" \/>\n\t<meta name=\"twitter:data1\" content=\"2 minutes\" \/>\n<script type=\"application\/ld+json\" class=\"yoast-schema-graph\">{\"@context\":\"https:\/\/schema.org\",\"@graph\":[{\"@type\":\"WebPage\",\"@id\":\"https:\/\/kusmitea.re\/index.php\/product\/lovely-morning-bio-2\/\",\"url\":\"https:\/\/kusmitea.re\/index.php\/product\/lovely-morning-bio-2\/\",\"name\":\"Lovely Morning Bio - Th\u00e9 vert agrumes - Kusmi Tea R\u00e9union\",\"isPartOf\":{\"@id\":\"https:\/\/kusmitea.re\/#website\"},\"primaryImageOfPage\":{\"@id\":\"https:\/\/kusmitea.re\/index.php\/product\/lovely-morning-bio-2\/#primaryimage\"},\"image\":{\"@id\":\"https:\/\/kusmitea.re\/index.php\/product\/lovely-morning-bio-2\/#primaryimage\"},\"thumbnailUrl\":\"https:\/\/kusmitea.re\/wp-content\/uploads\/2026\/01\/7ccb7b074b01c576ca6f17d0f3f0c8d3f4cb7a12_7bd4d48d88ec538319cc596896b1e2607e374883_21684A1070.webp\",\"datePublished\":\"2026-01-02T03:19:41+00:00\",\"dateModified\":\"2026-03-17T09:45:17+00:00\",\"description\":\"Lovely Morning bio Kusmi Tea R\u00e9union : go\u00fbtez ce m\u00e9lange de th\u00e9 vert, mat\u00e9 et agrumes (orange, citron, pamplemousse, guarana). Bonne d\u00e9gustation !\",\"breadcrumb\":{\"@id\":\"https:\/\/kusmitea.re\/index.php\/product\/lovely-morning-bio-2\/#breadcrumb\"},\"inLanguage\":\"fr-FR\",\"potentialAction\":[{\"@type\":\"ReadAction\",\"target\":[\"https:\/\/kusmitea.re\/index.php\/product\/lovely-morning-bio-2\/\"]}]},{\"@type\":\"ImageObject\",\"inLanguage\":\"fr-FR\",\"@id\":\"https:\/\/kusmitea.re\/index.php\/product\/lovely-morning-bio-2\/#primaryimage\",\"url\":\"https:\/\/kusmitea.re\/wp-content\/uploads\/2026\/01\/7ccb7b074b01c576ca6f17d0f3f0c8d3f4cb7a12_7bd4d48d88ec538319cc596896b1e2607e374883_21684A1070.webp\",\"contentUrl\":\"https:\/\/kusmitea.re\/wp-content\/uploads\/2026\/01\/7ccb7b074b01c576ca6f17d0f3f0c8d3f4cb7a12_7bd4d48d88ec538319cc596896b1e2607e374883_21684A1070.webp\",\"width\":1600,\"height\":1223,\"caption\":\"lovely morning th\u00e9 vert bio kusmi tea r\u00e9union 974 boite metal\"},{\"@type\":\"BreadcrumbList\",\"@id\":\"https:\/\/kusmitea.re\/index.php\/product\/lovely-morning-bio-2\/#breadcrumb\",\"itemListElement\":[{\"@type\":\"ListItem\",\"position\":1,\"name\":\"Accueil\",\"item\":\"https:\/\/kusmitea.re\/\"},{\"@type\":\"ListItem\",\"position\":2,\"name\":\"Boutique\",\"item\":\"https:\/\/kusmitea.re\/index.php\/shop\/\"},{\"@type\":\"ListItem\",\"position\":3,\"name\":\"Lovely Morning Bio &#8211; Th\u00e9 vert agrumes\"}]},{\"@type\":\"WebSite\",\"@id\":\"https:\/\/kusmitea.re\/#website\",\"url\":\"https:\/\/kusmitea.re\/\",\"name\":\"Kusmi Tea R\u00e9union\",\"description\":\"\",\"publisher\":{\"@id\":\"https:\/\/kusmitea.re\/#organization\"},\"potentialAction\":[{\"@type\":\"SearchAction\",\"target\":{\"@type\":\"EntryPoint\",\"urlTemplate\":\"https:\/\/kusmitea.re\/?s={search_term_string}\"},\"query-input\":{\"@type\":\"PropertyValueSpecification\",\"valueRequired\":true,\"valueName\":\"search_term_string\"}}],\"inLanguage\":\"fr-FR\"},{\"@type\":\"Organization\",\"@id\":\"https:\/\/kusmitea.re\/#organization\",\"name\":\"Kusmi Tea R\u00e9union\",\"url\":\"https:\/\/kusmitea.re\/\",\"logo\":{\"@type\":\"ImageObject\",\"inLanguage\":\"fr-FR\",\"@id\":\"https:\/\/kusmitea.re\/#\/schema\/logo\/image\/\",\"url\":\"https:\/\/kusmitea.re\/wp-content\/uploads\/2023\/05\/cropped-logo.webp\",\"contentUrl\":\"https:\/\/kusmitea.re\/wp-content\/uploads\/2023\/05\/cropped-logo.webp\",\"width\":469,\"height\":141,\"caption\":\"Kusmi Tea R\u00e9union\"},\"image\":{\"@id\":\"https:\/\/kusmitea.re\/#\/schema\/logo\/image\/\"},\"sameAs\":[\"https:\/\/www.facebook.com\/p\/Kusmi-Tea-Runion-61571670075100\/\",\"https:\/\/www.instagram.com\/kusmiteare\/\"]}]}<\/script>\n<!-- \/ Yoast SEO plugin. -->","yoast_head_json":{"title":"Lovely Morning Bio - Th\u00e9 vert agrumes - Kusmi Tea R\u00e9union","description":"Lovely Morning bio Kusmi Tea R\u00e9union : go\u00fbtez ce m\u00e9lange de th\u00e9 vert, mat\u00e9 et agrumes (orange, citron, pamplemousse, guarana). Bonne d\u00e9gustation !","robots":{"index":"index","follow":"follow","max-snippet":"max-snippet:-1","max-image-preview":"max-image-preview:large","max-video-preview":"max-video-preview:-1"},"canonical":"https:\/\/kusmitea.re\/index.php\/product\/lovely-morning-bio-2\/","og_locale":"fr_FR","og_type":"article","og_title":"Lovely Morning Bio - Th\u00e9 vert agrumes - Kusmi Tea R\u00e9union","og_description":"Lovely Morning bio Kusmi Tea R\u00e9union : go\u00fbtez ce m\u00e9lange de th\u00e9 vert, mat\u00e9 et agrumes (orange, citron, pamplemousse, guarana). Bonne d\u00e9gustation !","og_url":"https:\/\/kusmitea.re\/index.php\/product\/lovely-morning-bio-2\/","og_site_name":"Kusmi Tea R\u00e9union","article_publisher":"https:\/\/www.facebook.com\/p\/Kusmi-Tea-Runion-61571670075100\/","article_modified_time":"2026-03-17T09:45:17+00:00","og_image":[{"width":1600,"height":1223,"url":"https:\/\/kusmitea.re\/wp-content\/uploads\/2026\/01\/7ccb7b074b01c576ca6f17d0f3f0c8d3f4cb7a12_7bd4d48d88ec538319cc596896b1e2607e374883_21684A1070.webp","type":"image\/webp"}],"twitter_card":"summary_large_image","twitter_misc":{"Dur\u00e9e de lecture estim\u00e9e":"2 minutes"},"schema":{"@context":"https:\/\/schema.org","@graph":[{"@type":"WebPage","@id":"https:\/\/kusmitea.re\/index.php\/product\/lovely-morning-bio-2\/","url":"https:\/\/kusmitea.re\/index.php\/product\/lovely-morning-bio-2\/","name":"Lovely Morning Bio - Th\u00e9 vert agrumes - Kusmi Tea R\u00e9union","isPartOf":{"@id":"https:\/\/kusmitea.re\/#website"},"primaryImageOfPage":{"@id":"https:\/\/kusmitea.re\/index.php\/product\/lovely-morning-bio-2\/#primaryimage"},"image":{"@id":"https:\/\/kusmitea.re\/index.php\/product\/lovely-morning-bio-2\/#primaryimage"},"thumbnailUrl":"https:\/\/kusmitea.re\/wp-content\/uploads\/2026\/01\/7ccb7b074b01c576ca6f17d0f3f0c8d3f4cb7a12_7bd4d48d88ec538319cc596896b1e2607e374883_21684A1070.webp","datePublished":"2026-01-02T03:19:41+00:00","dateModified":"2026-03-17T09:45:17+00:00","description":"Lovely Morning bio Kusmi Tea R\u00e9union : go\u00fbtez ce m\u00e9lange de th\u00e9 vert, mat\u00e9 et agrumes (orange, citron, pamplemousse, guarana). Bonne d\u00e9gustation !","breadcrumb":{"@id":"https:\/\/kusmitea.re\/index.php\/product\/lovely-morning-bio-2\/#breadcrumb"},"inLanguage":"fr-FR","potentialAction":[{"@type":"ReadAction","target":["https:\/\/kusmitea.re\/index.php\/product\/lovely-morning-bio-2\/"]}]},{"@type":"ImageObject","inLanguage":"fr-FR","@id":"https:\/\/kusmitea.re\/index.php\/product\/lovely-morning-bio-2\/#primaryimage","url":"https:\/\/kusmitea.re\/wp-content\/uploads\/2026\/01\/7ccb7b074b01c576ca6f17d0f3f0c8d3f4cb7a12_7bd4d48d88ec538319cc596896b1e2607e374883_21684A1070.webp","contentUrl":"https:\/\/kusmitea.re\/wp-content\/uploads\/2026\/01\/7ccb7b074b01c576ca6f17d0f3f0c8d3f4cb7a12_7bd4d48d88ec538319cc596896b1e2607e374883_21684A1070.webp","width":1600,"height":1223,"caption":"lovely morning th\u00e9 vert bio kusmi tea r\u00e9union 974 boite metal"},{"@type":"BreadcrumbList","@id":"https:\/\/kusmitea.re\/index.php\/product\/lovely-morning-bio-2\/#breadcrumb","itemListElement":[{"@type":"ListItem","position":1,"name":"Accueil","item":"https:\/\/kusmitea.re\/"},{"@type":"ListItem","position":2,"name":"Boutique","item":"https:\/\/kusmitea.re\/index.php\/shop\/"},{"@type":"ListItem","position":3,"name":"Lovely Morning Bio &#8211; Th\u00e9 vert agrumes"}]},{"@type":"WebSite","@id":"https:\/\/kusmitea.re\/#website","url":"https:\/\/kusmitea.re\/","name":"Kusmi Tea R\u00e9union","description":"","publisher":{"@id":"https:\/\/kusmitea.re\/#organization"},"potentialAction":[{"@type":"SearchAction","target":{"@type":"EntryPoint","urlTemplate":"https:\/\/kusmitea.re\/?s={search_term_string}"},"query-input":{"@type":"PropertyValueSpecification","valueRequired":true,"valueName":"search_term_string"}}],"inLanguage":"fr-FR"},{"@type":"Organization","@id":"https:\/\/kusmitea.re\/#organization","name":"Kusmi Tea R\u00e9union","url":"https:\/\/kusmitea.re\/","logo":{"@type":"ImageObject","inLanguage":"fr-FR","@id":"https:\/\/kusmitea.re\/#\/schema\/logo\/image\/","url":"https:\/\/kusmitea.re\/wp-content\/uploads\/2023\/05\/cropped-logo.webp","contentUrl":"https:\/\/kusmitea.re\/wp-content\/uploads\/2023\/05\/cropped-logo.webp","width":469,"height":141,"caption":"Kusmi Tea R\u00e9union"},"image":{"@id":"https:\/\/kusmitea.re\/#\/schema\/logo\/image\/"},"sameAs":["https:\/\/www.facebook.com\/p\/Kusmi-Tea-Runion-61571670075100\/","https:\/\/www.instagram.com\/kusmiteare\/"]}]}},"jetpack_sharing_enabled":true,"_links":{"self":[{"href":"https:\/\/kusmitea.re\/index.php\/wp-json\/wp\/v2\/product\/12916","targetHints":{"allow":["GET"]}}],"collection":[{"href":"https:\/\/kusmitea.re\/index.php\/wp-json\/wp\/v2\/product"}],"about":[{"href":"https:\/\/kusmitea.re\/index.php\/wp-json\/wp\/v2\/types\/product"}],"replies":[{"embeddable":true,"href":"https:\/\/kusmitea.re\/index.php\/wp-json\/wp\/v2\/comments?post=12916"}],"version-history":[{"count":4,"href":"https:\/\/kusmitea.re\/index.php\/wp-json\/wp\/v2\/product\/12916\/revisions"}],"predecessor-version":[{"id":12937,"href":"https:\/\/kusmitea.re\/index.php\/wp-json\/wp\/v2\/product\/12916\/revisions\/12937"}],"wp:featuredmedia":[{"embeddable":true,"href":"https:\/\/kusmitea.re\/index.php\/wp-json\/wp\/v2\/media\/12920"}],"wp:attachment":[{"href":"https:\/\/kusmitea.re\/index.php\/wp-json\/wp\/v2\/media?parent=12916"}],"wp:term":[{"taxonomy":"product_cat","embeddable":true,"href":"https:\/\/kusmitea.re\/index.php\/wp-json\/wp\/v2\/product_cat?post=12916"},{"taxonomy":"product_tag","embeddable":true,"href":"https:\/\/kusmitea.re\/index.php\/wp-json\/wp\/v2\/product_tag?post=12916"}],"curies":[{"name":"wp","href":"https:\/\/api.w.org\/{rel}","templated":true}]}}